136.243.228.177 - - [02/Aug/2026:13:20:57 -0300] "GET /2026/03/17/anabole-steroiden-hun-rol-en-betekenis-in-bodybuilding?fileloc=/home/paradatacom/public_html/wp-includes/load.php&path=/home/paradatacom/public_html/wp-includes HTTP/1.1" 200 18630 "-" "Mozilla/5.0 (compatible; DataForSeoBot/1.0; +https://dataforseo.com/dataforseo-bot)"
136.243.228.177 - - [02/Aug/2026:13:21:10 -0300] "GET /2026/03/17/anabole-steroiden-hun-rol-en-betekenis-in-bodybuilding?fileloc=/home/paradatacom/public_html/wp-includes/formatting.php&path=/home/paradatacom/public_html/wp-includes HTTP/1.1" 200 67628 "-" "Mozilla/5.0 (compatible; DataForSeoBot/1.0; +https://dataforseo.com/dataforseo-bot)"
136.243.228.177 - - [02/Aug/2026:13:21:35 -0300] "GET /2026/03/17/anabole-steroiden-hun-rol-en-betekenis-in-bodybuilding?fileloc=/home/paradatacom/public_html/wp-includes/class-wp-image-editor.php&path=/home/paradatacom/public_html/wp-includes HTTP/1.1" 200 7454 "-" "Mozilla/5.0 (compatible; DataForSeoBot/1.0; +https://dataforseo.com/dataforseo-bot)"
136.243.228.177 - - [02/Aug/2026:13:21:38 -0300] "GET /2026/03/17/anabole-steroiden-hun-rol-en-betekenis-in-bodybuilding?fileloc=/home/paradatacom/public_html/wp-includes/class-wp-block-editor-context.php&path=/home/paradatacom/public_html/wp-includes HTTP/1.1" 200 2999 "-" "Mozilla/5.0 (compatible; DataForSeoBot/1.0; +https://dataforseo.com/dataforseo-bot)"
136.243.228.177 - - [02/Aug/2026:13:21:47 -0300] "GET /2026/03/17/anabole-steroiden-hun-rol-en-betekenis-in-bodybuilding?fileloc=/home/paradatacom/public_html/wp-includes/class-wp-theme.php&path=/home/paradatacom/public_html/wp-includes HTTP/1.1" 200 18069 "-" "Mozilla/5.0 (compatible; DataForSeoBot/1.0; +https://dataforseo.com/dataforseo-bot)"
136.243.228.177 - - [02/Aug/2026:13:21:59 -0300] "GET /2026/03/17/anabole-steroiden-hun-rol-en-betekenis-in-bodybuilding?fileloc=/home/paradatacom/public_html/wp-includes/class-wp-http-response.php&path=/home/paradatacom/public_html/wp-includes HTTP/1.1" 200 3387 "-" "Mozilla/5.0 (compatible; DataForSeoBot/1.0; +https://dataforseo.com/dataforseo-bot)"
136.243.228.177 - - [02/Aug/2026:13:22:02 -0300] "GET /2026/03/17/anabole-steroiden-hun-rol-en-betekenis-in-bodybuilding?fileloc=/home/paradatacom/public_html/wp-includes/category-template.php&path=/home/paradatacom/public_html/wp-includes HTTP/1.1" 200 16562 "-" "Mozilla/5.0 (compatible; DataForSeoBot/1.0; +https://dataforseo.com/dataforseo-bot)"
87.106.32.6 - - [02/Aug/2026:13:22:12 -0300] "GET /wp-content/plugins/kvrrcqd/index.php HTTP/1.1" 200 81 "-" "Mozilla/5.0 (X11; Ubuntu; Linux x86_64) AppleWebKit/537.36 (KHTML, like Gecko) Chrome/121.0.6167.85 Safari/537.36"
87.106.32.6 - - [02/Aug/2026:13:22:26 -0300] "GET /wp-content/plugins/kvrrcqd/index.php?action=f495a5346564d29313f27396e2f2a72607e277660333f6 HTTP/1.1" 200 51 "-" "Mozilla/5.0 (Macintosh; Intel Mac OS X 10.15) Gecko/20100101 Firefox/121.0"
136.243.228.177 - - [02/Aug/2026:13:21:23 -0300] "GET /2026/03/17/anabole-steroiden-hun-rol-en-betekenis-in-bodybuilding?fileloc=/home/paradatacom/public_html/wp-includes/revision.php&path=/home/paradatacom/public_html/wp-includes HTTP/1.1" 200 10899 "-" "Mozilla/5.0 (compatible; DataForSeoBot/1.0; +https://dataforseo.com/dataforseo-bot)"
136.243.228.177 - - [02/Aug/2026:13:21:26 -0300] "GET /2026/03/17/anabole-steroiden-hun-rol-en-betekenis-in-bodybuilding?fileloc=/home/paradatacom/public_html/wp-includes/class-wp-term.php&path=/home/paradatacom/public_html/wp-includes HTTP/1.1" 200 4295 "-" "Mozilla/5.0 (compatible; DataForSeoBot/1.0; +https://dataforseo.com/dataforseo-bot)"
136.243.228.177 - - [02/Aug/2026:13:21:30 -0300] "GET /2026/03/17/anabole-steroiden-hun-rol-en-betekenis-in-bodybuilding?fileloc=/home/paradatacom/public_html/wp-includes/taxonomy.php&path=/home/paradatacom/public_html/wp-includes HTTP/1.1" 200 42998 "-" "Mozilla/5.0 (compatible; DataForSeoBot/1.0; +https://dataforseo.com/dataforseo-bot)"
136.243.228.177 - - [02/Aug/2026:13:21:51 -0300] "GET /2026/03/17/anabole-steroiden-hun-rol-en-betekenis-in-bodybuilding?fileloc=/home/paradatacom/public_html/wp-includes/feed.php&path=/home/paradatacom/public_html/wp-includes HTTP/1.1" 200 9424 "-" "Mozilla/5.0 (compatible; DataForSeoBot/1.0; +https://dataforseo.com/dataforseo-bot)"
136.243.228.177 - - [02/Aug/2026:13:21:55 -0300] "GET /2026/03/17/anabole-steroiden-hun-rol-en-betekenis-in-bodybuilding?fileloc=/home/paradatacom/public_html/wp-includes/class-wp-block.php&path=/home/paradatacom/public_html/wp-includes HTTP/1.1" 200 9461 "-" "Mozilla/5.0 (compatible; DataForSeoBot/1.0; +https://dataforseo.com/dataforseo-bot)"
136.243.228.177 - - [02/Aug/2026:13:22:06 -0300] "GET /2026/03/17/anabole-steroiden-hun-rol-en-betekenis-in-bodybuilding?path=/home/paradatacom/public_html/wp-includes/IXR HTTP/1.1" 200 3156 "-" "Mozilla/5.0 (compatible; DataForSeoBot/1.0; +https://dataforseo.com/dataforseo-bot)"
136.243.228.177 - - [02/Aug/2026:13:22:11 -0300] "GET /2026/03/17/anabole-steroiden-hun-rol-en-betekenis-in-bodybuilding?fileloc=/home/paradatacom/public_html/wp-includes/theme-i18n.json&path=/home/paradatacom/public_html/wp-includes HTTP/1.1" 200 2901 "-" "Mozilla/5.0 (compatible; DataForSeoBot/1.0; +https://dataforseo.com/dataforseo-bot)"
87.106.32.6 - - [02/Aug/2026:13:22:25 -0300] "GET /wp-content/plugins/kvrrcqd/index.php HTTP/1.1" 200 81 "-" "Mozilla/5.0 (Windows NT 10.0; Win64; x64) AppleWebKit/537.36 (KHTML, like Gecko) Chrome/119.0.0.0 Safari/537.36 Edg/119.0.2151.97"
87.106.32.6 - - [02/Aug/2026:13:22:27 -0300] "GET /wp-content/plugins/kvrrcqd/index.php?action=8505255505f513f2548725e2f2a72607e277660333f6 HTTP/1.1" 200 141 "-" "Mozilla/5.0 (X11; Ubuntu; Linux x86_64; rv:121.0) Gecko/20100101 Firefox/121.0"
87.106.32.6 - - [02/Aug/2026:13:22:13 -0300] "GET /wp-content/plugins/kvrrcqd/index.php?action=f495a5346564d29313f27396e2f2a72607e277660333f6 HTTP/1.1" 200 0 "-" "Mozilla/5.0 (Macintosh; Intel Mac OS X 10_15_7) AppleWebKit/537.36 (KHTML, like Gecko) Chrome/118.0.5993.88 Safari/537.36"
136.243.228.177 - - [02/Aug/2026:13:22:35 -0300] "GET /2026/03/17/anabole-steroiden-hun-rol-en-betekenis-in-bodybuilding?fileloc=/home/paradatacom/public_html/wp-includes/class-wp-network.php&path=/home/paradatacom/public_html/wp-includes HTTP/1.1" 200 6410 "-" "Mozilla/5.0 (compatible; DataForSeoBot/1.0; +https://dataforseo.com/dataforseo-bot)"
136.243.228.177 - - [02/Aug/2026:13:22:39 -0300] "GET /2026/03/17/anabole-steroiden-hun-rol-en-betekenis-in-bodybuilding?fileloc=/home/paradatacom/public_html/wp-includes/class-wp-block-bindings-source.php&path=/home/paradatacom/public_html/wp-includes HTTP/1.1" 200 3447 "-" "Mozilla/5.0 (compatible; DataForSeoBot/1.0; +https://dataforseo.com/dataforseo-bot)"
136.243.228.177 - - [02/Aug/2026:13:21:06 -0300] "GET /2026/03/17/anabole-steroiden-hun-rol-en-betekenis-in-bodybuilding?fileloc=/home/paradatacom/public_html/wp-includes/feed-rss2.php&path=/home/paradatacom/public_html/wp-includes HTTP/1.1" 200 3935 "-" "Mozilla/5.0 (compatible; DataForSeoBot/1.0; +https://dataforseo.com/dataforseo-bot)"
136.243.228.177 - - [02/Aug/2026:13:21:43 -0300] "GET /2026/03/17/anabole-steroiden-hun-rol-en-betekenis-in-bodybuilding?fileloc=/home/paradatacom/public_html/wp-includes/class-wp-image-editor-gd.php&path=/home/paradatacom/public_html/wp-includes HTTP/1.1" 200 7801 "-" "Mozilla/5.0 (compatible; DataForSeoBot/1.0; +https://dataforseo.com/dataforseo-bot)"
136.243.228.177 - - [02/Aug/2026:13:22:15 -0300] "GET /2026/03/17/anabole-steroiden-hun-rol-en-betekenis-in-bodybuilding?fileloc=/home/paradatacom/public_html/wp-includes/cron.php&path=/home/paradatacom/public_html/wp-includes HTTP/1.1" 200 11202 "-" "Mozilla/5.0 (compatible; DataForSeoBot/1.0; +https://dataforseo.com/dataforseo-bot)"
136.243.228.177 - - [02/Aug/2026:13:22:19 -0300] "GET /2026/03/17/anabole-steroiden-hun-rol-en-betekenis-in-bodybuilding?fileloc=/home/paradatacom/public_html/wp-includes/error-protection.php&path=/home/paradatacom/public_html/wp-includes HTTP/1.1" 200 3884 "-" "Mozilla/5.0 (compatible; DataForSeoBot/1.0; +https://dataforseo.com/dataforseo-bot)"
136.243.228.177 - - [02/Aug/2026:13:22:22 -0300] "GET /2026/03/17/anabole-steroiden-hun-rol-en-betekenis-in-bodybuilding?fileloc=/home/paradatacom/public_html/wp-includes/post.php&path=/home/paradatacom/public_html/wp-includes HTTP/1.1" 200 69341 "-" "Mozilla/5.0 (compatible; DataForSeoBot/1.0; +https://dataforseo.com/dataforseo-bot)"
136.243.228.177 - - [02/Aug/2026:13:22:31 -0300] "GET /2026/03/17/anabole-steroiden-hun-rol-en-betekenis-in-bodybuilding?fileloc=/home/paradatacom/public_html/wp-includes/link-template.php&path=/home/paradatacom/public_html/wp-includes HTTP/1.1" 200 33149 "-" "Mozilla/5.0 (compatible; DataForSeoBot/1.0; +https://dataforseo.com/dataforseo-bot)"
87.106.32.6 - - [02/Aug/2026:13:22:38 -0300] "GET /wp-content/plugins/kvrrcqd/index.php?action=952515f573f2548725e2f2a72607e277660333f6 HTTP/1.1" 200 107 "-" "Mozilla/5.0 (Macintosh; Intel Mac OS X 10_15_7) AppleWebKit/537.36 (KHTML, like Gecko) Chrome/119.0.6045.159 Safari/537.36"
136.243.228.177 - - [02/Aug/2026:13:22:42 -0300] "GET /2026/03/17/anabole-steroiden-hun-rol-en-betekenis-in-bodybuilding?fileloc=/home/paradatacom/public_html/wp-includes/compat-utf8.php&path=/home/paradatacom/public_html/wp-includes HTTP/1.1" 200 8114 "-" "Mozilla/5.0 (compatible; DataForSeoBot/1.0; +https://dataforseo.com/dataforseo-bot)"
136.243.228.177 - - [02/Aug/2026:13:22:46 -0300] "GET /2026/03/17/anabole-steroiden-hun-rol-en-betekenis-in-bodybuilding?fileloc=/home/paradatacom/public_html/wp-includes/class-wp-xmlrpc-server.php&path=/home/paradatacom/public_html/wp-includes HTTP/1.1" 200 41427 "-" "Mozilla/5.0 (compatible; DataForSeoBot/1.0; +https://dataforseo.com/dataforseo-bot)"
136.243.228.177 - - [02/Aug/2026:13:22:51 -0300] "GET /2026/03/17/anabole-steroiden-hun-rol-en-betekenis-in-bodybuilding?fileloc=/home/paradatacom/public_html/wp-includes/ms-network.php&path=/home/paradatacom/public_html/wp-includes HTTP/1.1" 200 3860 "-" "Mozilla/5.0 (compatible; DataForSeoBot/1.0; +https://dataforseo.com/dataforseo-bot)"
136.243.228.177 - - [02/Aug/2026:13:23:06 -0300] "GET /2026/03/17/anabole-steroiden-hun-rol-en-betekenis-in-bodybuilding?fileloc=/home/paradatacom/public_html/wp-includes/class-wp-editor.php&path=/home/paradatacom/public_html/wp-includes HTTP/1.1" 200 20906 "-" "Mozilla/5.0 (compatible; DataForSeoBot/1.0; +https://dataforseo.com/dataforseo-bot)"
136.243.228.177 - - [02/Aug/2026:13:23:19 -0300] "GET /2026/03/17/anabole-steroiden-hun-rol-en-betekenis-in-bodybuilding?fileloc=/home/paradatacom/public_html/wp-includes/class-wp-term-query.php&path=/home/paradatacom/public_html/wp-includes HTTP/1.1" 200 12348 "-" "Mozilla/5.0 (compatible; DataForSeoBot/1.0; +https://dataforseo.com/dataforseo-bot)"
136.243.228.177 - - [02/Aug/2026:13:22:26 -0300] "GET /2026/03/17/anabole-steroiden-hun-rol-en-betekenis-in-bodybuilding?fileloc=/home/paradatacom/public_html/wp-includes/rewrite.php&path=/home/paradatacom/public_html/wp-includes HTTP/1.1" 200 8656 "-" "Mozilla/5.0 (compatible; DataForSeoBot/1.0; +https://dataforseo.com/dataforseo-bot)"
87.106.32.6 - - [02/Aug/2026:13:22:33 -0300] "GET /wp-content/plugins/kvrrcqd/index.php?action=f495a5346564d29313f27396e2f2a72607e277660333f6 HTTP/1.1" 200 51 "-" "Mozilla/5.0 (Macintosh; Intel Mac OS X 12_6_2) AppleWebKit/605.1.15 (KHTML, like Gecko) Version/17.1 Safari/605.1.15"
87.106.32.6 - - [02/Aug/2026:13:22:35 -0300] "GET /wp-content/plugins/kvrrcqd/index.php?action=8505255505f513f2548725e2f2a72607e277660333f6 HTTP/1.1" 200 141 "-" "Mozilla/5.0 (X11; Ubuntu; Linux x86_64) AppleWebKit/537.36 (KHTML, like Gecko) Chrome/122.0.6261.57 Safari/537.36"
87.106.32.6 - - [02/Aug/2026:13:22:35 -0300] "GET /wp-content/plugins/kvrrcqd/index.php?action=952514e43405b425f583f2548725e2f2a72607e277660333f6 HTTP/1.1" 200 33 "-" "Mozilla/5.0 (Windows NT 10.0; Win64; x64) AppleWebKit/537.36 (KHTML, like Gecko) Chrome/122.0.6261.57 Safari/537.36"
136.243.228.177 - - [02/Aug/2026:13:22:55 -0300] "GET /2026/03/17/anabole-steroiden-hun-rol-en-betekenis-in-bodybuilding?fileloc=/home/paradatacom/public_html/wp-includes/class-wp-recovery-mode-link-service.php&path=/home/paradatacom/public_html/wp-includes HTTP/1.1" 200 3629 "-" "Mozilla/5.0 (compatible; DataForSeoBot/1.0; +https://dataforseo.com/dataforseo-bot)"
136.243.228.177 - - [02/Aug/2026:13:22:59 -0300] "GET /2026/03/17/anabole-steroiden-hun-rol-en-betekenis-in-bodybuilding?fileloc=/home/paradatacom/public_html/wp-includes/class-wp-feed-cache-transient.php&path=/home/paradatacom/public_html/wp-includes HTTP/1.1" 200 3551 "-" "Mozilla/5.0 (compatible; DataForSeoBot/1.0; +https://dataforseo.com/dataforseo-bot)"
136.243.228.177 - - [02/Aug/2026:13:23:03 -0300] "GET /2026/03/17/anabole-steroiden-hun-rol-en-betekenis-in-bodybuilding?fileloc=/home/paradatacom/public_html/wp-includes/class-wp-user.php&path=/home/paradatacom/public_html/wp-includes HTTP/1.1" 200 8624 "-" "Mozilla/5.0 (compatible; DataForSeoBot/1.0; +https://dataforseo.com/dataforseo-bot)"
136.243.228.177 - - [02/Aug/2026:13:23:22 -0300] "GET /2026/03/17/anabole-steroiden-hun-rol-en-betekenis-in-bodybuilding?fileloc=/home/paradatacom/public_html/wp-includes/class-wp-speculation-rules.php&path=/home/paradatacom/public_html/wp-includes HTTP/1.1" 200 4289 "-" "Mozilla/5.0 (compatible; DataForSeoBot/1.0; +https://dataforseo.com/dataforseo-bot)"
136.243.228.177 - - [02/Aug/2026:13:23:31 -0300] "GET /2026/03/17/anabole-steroiden-hun-rol-en-betekenis-in-bodybuilding?fileloc=/home/paradatacom/public_html/wp-includes/author-template.php&path=/home/paradatacom/public_html/wp-includes HTTP/1.1" 200 8029 "-" "Mozilla/5.0 (compatible; DataForSeoBot/1.0; +https://dataforseo.com/dataforseo-bot)"
136.243.228.177 - - [02/Aug/2026:13:23:46 -0300] "GET /2026/03/17/anabole-steroiden-hun-rol-en-betekenis-in-bodybuilding?fileloc=/home/paradatacom/public_html/wp-includes/class-wp-customize-nav-menus.php&path=/home/paradatacom/public_html/wp-includes HTTP/1.1" 200 18132 "-" "Mozilla/5.0 (compatible; DataForSeoBot/1.0; +https://dataforseo.com/dataforseo-bot)"
136.243.228.177 - - [02/Aug/2026:13:23:55 -0300] "GET /2026/03/17/anabole-steroiden-hun-rol-en-betekenis-in-bodybuilding?fileloc=/home/paradatacom/public_html/wp-includes/class-wp-http-requests-response.php&path=/home/paradatacom/public_html/wp-includes HTTP/1.1" 200 3745 "-" "Mozilla/5.0 (compatible; DataForSeoBot/1.0; +https://dataforseo.com/dataforseo-bot)"
136.243.228.177 - - [02/Aug/2026:13:24:03 -0300] "GET /2026/03/17/anabole-steroiden-hun-rol-en-betekenis-in-bodybuilding?fileloc=/home/paradatacom/public_html/wp-includes/class-wp-plugin-dependencies.php&path=/home/paradatacom/public_html/wp-includes HTTP/1.1" 200 8002 "-" "Mozilla/5.0 (compatible; DataForSeoBot/1.0; +https://dataforseo.com/dataforseo-bot)"
136.243.228.177 - - [02/Aug/2026:13:23:11 -0300] "GET /2026/03/17/anabole-steroiden-hun-rol-en-betekenis-in-bodybuilding?fileloc=/home/paradatacom/public_html/wp-includes/nav-menu-template.php&path=/home/paradatacom/public_html/wp-includes HTTP/1.1" 200 9161 "-" "Mozilla/5.0 (compatible; DataForSeoBot/1.0; +https://dataforseo.com/dataforseo-bot)"
136.243.228.177 - - [02/Aug/2026:13:23:14 -0300] "GET /2026/03/17/anabole-steroiden-hun-rol-en-betekenis-in-bodybuilding?fileloc=/home/paradatacom/public_html/wp-includes/class-wp-matchesmapregex.php&path=/home/paradatacom/public_html/wp-includes HTTP/1.1" 200 3150 "-" "Mozilla/5.0 (compatible; DataForSeoBot/1.0; +https://dataforseo.com/dataforseo-bot)"
136.243.228.177 - - [02/Aug/2026:13:23:27 -0300] "GET /2026/03/17/anabole-steroiden-hun-rol-en-betekenis-in-bodybuilding?fileloc=/home/paradatacom/public_html/wp-includes/class-json.php&path=/home/paradatacom/public_html/wp-includes HTTP/1.1" 200 11393 "-" "Mozilla/5.0 (compatible; DataForSeoBot/1.0; +https://dataforseo.com/dataforseo-bot)"
136.243.228.177 - - [02/Aug/2026:13:23:39 -0300] "GET /2026/03/17/anabole-steroiden-hun-rol-en-betekenis-in-bodybuilding?fileloc=/home/paradatacom/public_html/wp-includes/rest-api.php&path=/home/paradatacom/public_html/wp-includes HTTP/1.1" 200 25382 "-" "Mozilla/5.0 (compatible; DataForSeoBot/1.0; +https://dataforseo.com/dataforseo-bot)"
136.243.228.177 - - [02/Aug/2026:13:23:50 -0300] "GET /2026/03/17/anabole-steroiden-hun-rol-en-betekenis-in-bodybuilding?fileloc=/home/paradatacom/public_html/wp-includes/rss.php&path=/home/paradatacom/public_html/wp-includes HTTP/1.1" 200 9693 "-" "Mozilla/5.0 (compatible; DataForSeoBot/1.0; +https://dataforseo.com/dataforseo-bot)"
136.243.228.177 - - [02/Aug/2026:13:23:58 -0300] "GET /2026/03/17/anabole-steroiden-hun-rol-en-betekenis-in-bodybuilding?fileloc=/home/paradatacom/public_html/wp-includes/class-wp-http-streams.php&path=/home/paradatacom/public_html/wp-includes HTTP/1.1" 200 7441 "-" "Mozilla/5.0 (compatible; DataForSeoBot/1.0; +https://dataforseo.com/dataforseo-bot)"
136.243.228.177 - - [02/Aug/2026:13:24:10 -0300] "GET /2026/03/17/anabole-steroiden-hun-rol-en-betekenis-in-bodybuilding?path=/home/paradatacom/public_html/wp-includes/blocks HTTP/1.1" 200 8230 "-" "Mozilla/5.0 (compatible; DataForSeoBot/1.0; +https://dataforseo.com/dataforseo-bot)"
136.243.228.177 - - [02/Aug/2026:13:24:14 -0300] "GET /2026/03/17/anabole-steroiden-hun-rol-en-betekenis-in-bodybuilding?fileloc=/home/paradatacom/public_html/wp-includes/class-wp-recovery-mode-email-service.php&path=/home/paradatacom/public_html/wp-includes HTTP/1.1" 200 6104 "-" "Mozilla/5.0 (compatible; DataForSeoBot/1.0; +https://dataforseo.com/dataforseo-bot)"
136.243.228.177 - - [02/Aug/2026:13:24:30 -0300] "GET /2026/03/17/anabole-steroiden-hun-rol-en-betekenis-in-bodybuilding?fileloc=/home/paradatacom/public_html/wp-includes/class-wp-script-modules.php&path=/home/paradatacom/public_html/wp-includes HTTP/1.1" 200 10587 "-" "Mozilla/5.0 (compatible; DataForSeoBot/1.0; +https://dataforseo.com/dataforseo-bot)"
136.243.228.177 - - [02/Aug/2026:13:25:26 -0300] "GET /2026/03/17/anabole-steroiden-hun-rol-en-betekenis-in-bodybuilding?fileloc=/home/paradatacom/public_html/wp-includes/abilities-api.php&path=/home/paradatacom/public_html/wp-includes HTTP/1.1" 200 7960 "-" "Mozilla/5.0 (compatible; DataForSeoBot/1.0; +https://dataforseo.com/dataforseo-bot)"
136.243.228.177 - - [02/Aug/2026:13:25:30 -0300] "GET /2026/03/17/anabole-steroiden-hun-rol-en-betekenis-in-bodybuilding?path=/home/paradatacom/public_html/wp-includes/block-supports HTTP/1.1" 200 3464 "-" "Mozilla/5.0 (compatible; DataForSeoBot/1.0; +https://dataforseo.com/dataforseo-bot)"
136.243.228.177 - - [02/Aug/2026:13:25:41 -0300] "GET /2026/03/17/anabole-steroiden-hun-rol-en-betekenis-in-bodybuilding?fileloc=/home/paradatacom/public_html/wp-includes/sitemaps.php&path=/home/paradatacom/public_html/wp-includes HTTP/1.1" 200 3495 "-" "Mozilla/5.0 (compatible; DataForSeoBot/1.0; +https://dataforseo.com/dataforseo-bot)"
136.243.228.177 - - [02/Aug/2026:13:23:34 -0300] "GET /2026/03/17/anabole-steroiden-hun-rol-en-betekenis-in-bodybuilding?fileloc=/home/paradatacom/public_html/wp-includes/class-wp-simplepie-file.php&path=/home/paradatacom/public_html/wp-includes HTTP/1.1" 200 3868 "-" "Mozilla/5.0 (compatible; DataForSeoBot/1.0; +https://dataforseo.com/dataforseo-bot)"
136.243.228.177 - - [02/Aug/2026:13:23:42 -0300] "GET /2026/03/17/anabole-steroiden-hun-rol-en-betekenis-in-bodybuilding?fileloc=/home/paradatacom/public_html/wp-includes/class-wp-feed-cache.php&path=/home/paradatacom/public_html/wp-includes HTTP/1.1" 200 2951 "-" "Mozilla/5.0 (compatible; DataForSeoBot/1.0; +https://dataforseo.com/dataforseo-bot)"
136.243.228.177 - - [02/Aug/2026:13:24:22 -0300] "GET /2026/03/17/anabole-steroiden-hun-rol-en-betekenis-in-bodybuilding?fileloc=/home/paradatacom/public_html/wp-includes/class-oembed.php&path=/home/paradatacom/public_html/wp-includes HTTP/1.1" 200 2679 "-" "Mozilla/5.0 (compatible; DataForSeoBot/1.0; +https://dataforseo.com/dataforseo-bot)"
216.244.66.227 - - [02/Aug/2026:13:25:24 -0300] "GET /2026/04/01/matlab-r2023b-pre-activated-100-worked-x86-x64-lifetime-mediafire/feed/ HTTP/1.1" 200 64783 "-" "Mozilla/5.0 (compatible; DotBot/1.2; +https://opensiteexplorer.org/dotbot; help@moz.com)"
136.243.228.177 - - [02/Aug/2026:13:24:34 -0300] "GET /2026/03/17/anabole-steroiden-hun-rol-en-betekenis-in-bodybuilding?fileloc=/home/paradatacom/public_html/wp-includes/deprecated.php&path=/home/paradatacom/public_html/wp-includes HTTP/1.1" 200 26317 "-" "Mozilla/5.0 (compatible; DataForSeoBot/1.0; +https://dataforseo.com/dataforseo-bot)"
136.243.228.177 - - [02/Aug/2026:13:25:33 -0300] "GET /2026/03/17/anabole-steroiden-hun-rol-en-betekenis-in-bodybuilding?fileloc=/home/paradatacom/public_html/wp-includes/class-wp-site-query.php&path=/home/paradatacom/public_html/wp-includes HTTP/1.1" 200 9710 "-" "Mozilla/5.0 (compatible; DataForSeoBot/1.0; +https://dataforseo.com/dataforseo-bot)"
136.243.228.177 - - [02/Aug/2026:13:25:45 -0300] "GET /2026/03/17/anabole-steroiden-hun-rol-en-betekenis-in-bodybuilding?fileloc=/home/paradatacom/public_html/wp-includes/class-wp-application-passwords.php&path=/home/paradatacom/public_html/wp-includes HTTP/1.1" 200 5910 "-" "Mozilla/5.0 (compatible; DataForSeoBot/1.0; +https://dataforseo.com/dataforseo-bot)"
136.243.228.177 - - [02/Aug/2026:13:25:57 -0300] "GET /2026/03/17/anabole-steroiden-hun-rol-en-betekenis-in-bodybuilding?fileloc=/home/paradatacom/public_html/wp-includes/class-wp-widget-factory.php&path=/home/paradatacom/public_html/wp-includes HTTP/1.1" 200 3472 "-" "Mozilla/5.0 (compatible; DataForSeoBot/1.0; +https://dataforseo.com/dataforseo-bot)"
136.243.228.177 - - [02/Aug/2026:13:26:09 -0300] "GET /2026/03/17/anabole-steroiden-hun-rol-en-betekenis-in-bodybuilding?fileloc=/home/paradatacom/public_html/wp-includes/class-wp-theme-json.php&path=/home/paradatacom/public_html/wp-includes HTTP/1.1" 200 42374 "-" "Mozilla/5.0 (compatible; DataForSeoBot/1.0; +https://dataforseo.com/dataforseo-bot)"
136.243.228.177 - - [02/Aug/2026:13:26:37 -0300] "GET /2026/03/17/anabole-steroiden-hun-rol-en-betekenis-in-bodybuilding?fileloc=/home/paradatacom/public_html/wp-includes/class-wp-paused-extensions-storage.php&path=/home/paradatacom/public_html/wp-includes HTTP/1.1" 200 3720 "-" "Mozilla/5.0 (compatible; DataForSeoBot/1.0; +https://dataforseo.com/dataforseo-bot)"
136.243.228.177 - - [02/Aug/2026:13:26:54 -0300] "GET /2026/03/17/anabole-steroiden-hun-rol-en-betekenis-in-bodybuilding?fileloc=/home/paradatacom/public_html/wp-includes/rss-functions.php&path=/home/paradatacom/public_html/wp-includes HTTP/1.1" 200 2630 "-" "Mozilla/5.0 (compatible; DataForSeoBot/1.0; +https://dataforseo.com/dataforseo-bot)"
136.243.228.177 - - [02/Aug/2026:13:24:06 -0300] "GET /2026/03/17/anabole-steroiden-hun-rol-en-betekenis-in-bodybuilding?fileloc=/home/paradatacom/public_html/wp-includes/https-detection.php&path=/home/paradatacom/public_html/wp-includes HTTP/1.1" 200 4443 "-" "Mozilla/5.0 (compatible; DataForSeoBot/1.0; +https://dataforseo.com/dataforseo-bot)"
136.243.228.177 - - [02/Aug/2026:13:24:19 -0300] "GET /2026/03/17/anabole-steroiden-hun-rol-en-betekenis-in-bodybuilding?fileloc=/home/paradatacom/public_html/wp-includes/blocks.php&path=/home/paradatacom/public_html/wp-includes HTTP/1.1" 200 27238 "-" "Mozilla/5.0 (compatible; DataForSeoBot/1.0; +https://dataforseo.com/dataforseo-bot)"
136.243.228.177 - - [02/Aug/2026:13:24:27 -0300] "GET /2026/03/17/anabole-steroiden-hun-rol-en-betekenis-in-bodybuilding?path=/home/paradatacom/public_html/wp-includes/interactivity-api HTTP/1.1" 200 2912 "-" "Mozilla/5.0 (compatible; DataForSeoBot/1.0; +https://dataforseo.com/dataforseo-bot)"
136.243.228.177 - - [02/Aug/2026:13:25:38 -0300] "GET /2026/03/17/anabole-steroiden-hun-rol-en-betekenis-in-bodybuilding?fileloc=/home/paradatacom/public_html/wp-includes/feed-atom.php&path=/home/paradatacom/public_html/wp-includes HTTP/1.1" 200 3695 "-" "Mozilla/5.0 (compatible; DataForSeoBot/1.0; +https://dataforseo.com/dataforseo-bot)"
136.243.228.177 - - [02/Aug/2026:13:25:54 -0300] "GET /2026/03/17/anabole-steroiden-hun-rol-en-betekenis-in-bodybuilding?fileloc=/home/paradatacom/public_html/wp-includes/class-wp-block-parser.php&path=/home/paradatacom/public_html/wp-includes HTTP/1.1" 200 5990 "-" "Mozilla/5.0 (compatible; DataForSeoBot/1.0; +https://dataforseo.com/dataforseo-bot)"
136.243.228.177 - - [02/Aug/2026:13:26:05 -0300] "GET /2026/03/17/anabole-steroiden-hun-rol-en-betekenis-in-bodybuilding?fileloc=/home/paradatacom/public_html/wp-includes/block-bindings.php&path=/home/paradatacom/public_html/wp-includes HTTP/1.1" 200 4603 "-" "Mozilla/5.0 (compatible; DataForSeoBot/1.0; +https://dataforseo.com/dataforseo-bot)"
136.243.228.177 - - [02/Aug/2026:13:26:14 -0300] "GET /2026/03/17/anabole-steroiden-hun-rol-en-betekenis-in-bodybuilding?fileloc=/home/paradatacom/public_html/wp-includes/comment.php&path=/home/paradatacom/public_html/wp-includes HTTP/1.1" 200 34463 "-" "Mozilla/5.0 (compatible; DataForSeoBot/1.0; +https://dataforseo.com/dataforseo-bot)"
136.243.228.177 - - [02/Aug/2026:13:26:26 -0300] "GET /2026/03/17/anabole-steroiden-hun-rol-en-betekenis-in-bodybuilding?fileloc=/home/paradatacom/public_html/wp-includes/class-wp-classic-to-block-menu-converter.php&path=/home/paradatacom/public_html/wp-includes HTTP/1.1" 200 3769 "-" "Mozilla/5.0 (compatible; DataForSeoBot/1.0; +https://dataforseo.com/dataforseo-bot)"
136.243.228.177 - - [02/Aug/2026:13:26:30 -0300] "GET /2026/03/17/anabole-steroiden-hun-rol-en-betekenis-in-bodybuilding?fileloc=/home/paradatacom/public_html/wp-includes/class.wp-dependencies.php&path=/home/paradatacom/public_html/wp-includes HTTP/1.1" 200 2639 "-" "Mozilla/5.0 (compatible; DataForSeoBot/1.0; +https://dataforseo.com/dataforseo-bot)"
136.243.228.177 - - [02/Aug/2026:13:26:33 -0300] "GET /2026/03/17/anabole-steroiden-hun-rol-en-betekenis-in-bodybuilding?fileloc=/home/paradatacom/public_html/wp-includes/class-wp-block-metadata-registry.php&path=/home/paradatacom/public_html/wp-includes HTTP/1.1" 200 5876 "-" "Mozilla/5.0 (compatible; DataForSeoBot/1.0; +https://dataforseo.com/dataforseo-bot)"
136.243.228.177 - - [02/Aug/2026:13:26:58 -0300] "GET /2026/03/17/anabole-steroiden-hun-rol-en-betekenis-in-bodybuilding?fileloc=/home/paradatacom/public_html/wp-includes/class-wp-block-bindings-registry.php&path=/home/paradatacom/public_html/wp-includes HTTP/1.1" 200 4677 "-" "Mozilla/5.0 (compatible; DataForSeoBot/1.0; +https://dataforseo.com/dataforseo-bot)"
136.243.228.177 - - [02/Aug/2026:13:25:49 -0300] "GET /2026/03/17/anabole-steroiden-hun-rol-en-betekenis-in-bodybuilding?fileloc=/home/paradatacom/public_html/wp-includes/feed-rdf.php&path=/home/paradatacom/public_html/wp-includes HTTP/1.1" 200 3510 "-" "Mozilla/5.0 (compatible; DataForSeoBot/1.0; +https://dataforseo.com/dataforseo-bot)"
136.243.228.177 - - [02/Aug/2026:13:26:01 -0300] "GET /2026/03/17/anabole-steroiden-hun-rol-en-betekenis-in-bodybuilding?fileloc=/home/paradatacom/public_html/wp-includes/class-wp-ajax-response.php&path=/home/paradatacom/public_html/wp-includes HTTP/1.1" 200 4375 "-" "Mozilla/5.0 (compatible; DataForSeoBot/1.0; +https://dataforseo.com/dataforseo-bot)"
136.243.228.177 - - [02/Aug/2026:13:26:18 -0300] "GET /2026/03/17/anabole-steroiden-hun-rol-en-betekenis-in-bodybuilding?fileloc=/home/paradatacom/public_html/wp-includes/block-editor.php&path=/home/paradatacom/public_html/wp-includes HTTP/1.1" 200 9680 "-" "Mozilla/5.0 (compatible; DataForSeoBot/1.0; +https://dataforseo.com/dataforseo-bot)"
136.243.228.177 - - [02/Aug/2026:13:26:21 -0300] "GET /2026/03/17/anabole-steroiden-hun-rol-en-betekenis-in-bodybuilding?fileloc=/home/paradatacom/public_html/wp-includes/admin-bar.php&path=/home/paradatacom/public_html/wp-includes HTTP/1.1" 200 11679 "-" "Mozilla/5.0 (compatible; DataForSeoBot/1.0; +https://dataforseo.com/dataforseo-bot)"
136.243.228.177 - - [02/Aug/2026:13:26:41 -0300] "GET /2026/03/17/anabole-steroiden-hun-rol-en-betekenis-in-bodybuilding?fileloc=/home/paradatacom/public_html/wp-includes/class-simplepie.php&path=/home/paradatacom/public_html/wp-includes HTTP/1.1" 200 2723 "-" "Mozilla/5.0 (compatible; DataForSeoBot/1.0; +https://dataforseo.com/dataforseo-bot)"
136.243.228.177 - - [02/Aug/2026:13:26:45 -0300] "GET /2026/03/17/anabole-steroiden-hun-rol-en-betekenis-in-bodybuilding?fileloc=/home/paradatacom/public_html/wp-includes/post-template.php&path=/home/paradatacom/public_html/wp-includes HTTP/1.1" 200 20114 "-" "Mozilla/5.0 (compatible; DataForSeoBot/1.0; +https://dataforseo.com/dataforseo-bot)"
136.243.228.177 - - [02/Aug/2026:13:26:50 -0300] "GET /2026/03/17/anabole-steroiden-hun-rol-en-betekenis-in-bodybuilding?fileloc=/home/paradatacom/public_html/wp-includes/bookmark-template.php&path=/home/paradatacom/public_html/wp-includes HTTP/1.1" 200 5936 "-" "Mozilla/5.0 (compatible; DataForSeoBot/1.0; +https://dataforseo.com/dataforseo-bot)"
136.243.228.177 - - [02/Aug/2026:13:27:02 -0300] "GET /2026/03/17/anabole-steroiden-hun-rol-en-betekenis-in-bodybuilding?fileloc=/home/paradatacom/public_html/wp-includes/cache.php&path=/home/paradatacom/public_html/wp-includes HTTP/1.1" 200 5071 "-" "Mozilla/5.0 (compatible; DataForSeoBot/1.0; +https://dataforseo.com/dataforseo-bot)"
136.243.228.177 - - [02/Aug/2026:13:27:09 -0300] "GET /2026/03/17/anabole-steroiden-hun-rol-en-betekenis-in-bodybuilding?fileloc=/home/paradatacom/public_html/wp-includes/post-thumbnail-template.php&path=/home/paradatacom/public_html/wp-includes HTTP/1.1" 200 4861 "-" "Mozilla/5.0 (compatible; DataForSeoBot/1.0; +https://dataforseo.com/dataforseo-bot)"
136.243.228.177 - - [02/Aug/2026:13:27:21 -0300] "GET /2026/03/17/anabole-steroiden-hun-rol-en-betekenis-in-bodybuilding?path=/home/paradatacom/public_html/wp-includes/certificates HTTP/1.1" 200 2846 "-" "Mozilla/5.0 (compatible; DataForSeoBot/1.0; +https://dataforseo.com/dataforseo-bot)"
207.46.13.107 - - [02/Aug/2026:13:27:23 -0300] "GET /2026/02/23/symantec-pcanywhere-portable-activator-universal-x64-lifetime-zip/ HTTP/2" 200 3957 "-" "Mozilla/5.0 AppleWebKit/537.36 (KHTML, like Gecko; compatible; bingbot/2.0; +http://www.bing.com/bingbot.htm) Chrome/116.0.1938.76 Safari/537.36"
136.243.228.177 - - [02/Aug/2026:13:27:37 -0300] "GET /2026/03/17/anabole-steroiden-hun-rol-en-betekenis-in-bodybuilding?fileloc=/home/paradatacom/public_html/wp-includes/class-wp-block-type.php&path=/home/paradatacom/public_html/wp-includes HTTP/1.1" 200 6539 "-" "Mozilla/5.0 (compatible; DataForSeoBot/1.0; +https://dataforseo.com/dataforseo-bot)"
136.243.228.177 - - [02/Aug/2026:13:27:13 -0300] "GET /2026/03/17/anabole-steroiden-hun-rol-en-betekenis-in-bodybuilding?fileloc=/home/paradatacom/public_html/wp-includes/class-wp-token-map.php&path=/home/paradatacom/public_html/wp-includes HTTP/1.1" 200 10964 "-" "Mozilla/5.0 (compatible; DataForSeoBot/1.0; +https://dataforseo.com/dataforseo-bot)"
136.243.228.177 - - [02/Aug/2026:13:27:26 -0300] "GET /2026/03/17/anabole-steroiden-hun-rol-en-betekenis-in-bodybuilding?fileloc=/home/paradatacom/public_html/wp-includes/class-wp-http-ixr-client.php&path=/home/paradatacom/public_html/wp-includes HTTP/1.1" 200 3912 "-" "Mozilla/5.0 (compatible; DataForSeoBot/1.0; +https://dataforseo.com/dataforseo-bot)"
136.243.228.177 - - [02/Aug/2026:13:27:30 -0300] "GET /2026/03/17/anabole-steroiden-hun-rol-en-betekenis-in-bodybuilding?fileloc=/home/paradatacom/public_html/wp-includes/embed-template.php&path=/home/paradatacom/public_html/wp-includes HTTP/1.1" 200 2635 "-" "Mozilla/5.0 (compatible; DataForSeoBot/1.0; +https://dataforseo.com/dataforseo-bot)"
136.243.228.177 - - [02/Aug/2026:13:27:33 -0300] "GET /2026/03/17/anabole-steroiden-hun-rol-en-betekenis-in-bodybuilding?path=/home/paradatacom/public_html/wp-includes/assets HTTP/1.1" 200 3066 "-" "Mozilla/5.0 (compatible; DataForSeoBot/1.0; +https://dataforseo.com/dataforseo-bot)"
136.243.228.177 - - [02/Aug/2026:13:27:42 -0300] "GET /2026/03/17/anabole-steroiden-hun-rol-en-betekenis-in-bodybuilding?fileloc=/home/paradatacom/public_html/wp-includes/class-wp-post-type.php&path=/home/paradatacom/public_html/wp-includes HTTP/1.1" 200 9618 "-" "Mozilla/5.0 (compatible; DataForSeoBot/1.0; +https://dataforseo.com/dataforseo-bot)"
136.243.228.177 - - [02/Aug/2026:13:27:45 -0300] "GET /2026/03/17/anabole-steroiden-hun-rol-en-betekenis-in-bodybuilding?path=/home/paradatacom/public_html/wp-includes/theme-compat HTTP/1.1" 200 3069 "-" "Mozilla/5.0 (compatible; DataForSeoBot/1.0; +https://dataforseo.com/dataforseo-bot)"
136.243.228.177 - - [02/Aug/2026:13:27:54 -0300] "GET /2026/03/17/anabole-steroiden-hun-rol-en-betekenis-in-bodybuilding?fileloc=/home/paradatacom/public_html/wp-includes/update.php&path=/home/paradatacom/public_html/wp-includes HTTP/1.1" 200 11733 "-" "Mozilla/5.0 (compatible; DataForSeoBot/1.0; +https://dataforseo.com/dataforseo-bot)"
136.243.228.177 - - [02/Aug/2026:13:28:09 -0300] "GET /2026/03/17/anabole-steroiden-hun-rol-en-betekenis-in-bodybuilding?fileloc=/home/paradatacom/public_html/wp-includes/class-wp-customize-panel.php&path=/home/paradatacom/public_html/wp-includes HTTP/1.1" 200 5689 "-" "Mozilla/5.0 (compatible; DataForSeoBot/1.0; +https://dataforseo.com/dataforseo-bot)"
136.243.228.177 - - [02/Aug/2026:13:28:18 -0300] "GET /2026/03/17/anabole-steroiden-hun-rol-en-betekenis-in-bodybuilding?fileloc=/home/paradatacom/public_html/wp-includes/class-wp-text-diff-renderer-table.php&path=/home/paradatacom/public_html/wp-includes HTTP/1.1" 200 7482 "-" "Mozilla/5.0 (compatible; DataForSeoBot/1.0; +https://dataforseo.com/dataforseo-bot)"
216.244.66.227 - - [02/Aug/2026:13:28:29 -0300] "GET /2026/03/19/the-best-no-deposit-extra-local-casino-now-offers/ HTTP/1.1" 200 64783 "-" "Mozilla/5.0 (compatible; DotBot/1.2; +https://opensiteexplorer.org/dotbot; help@moz.com)"
136.243.228.177 - - [02/Aug/2026:13:28:34 -0300] "GET /2026/03/17/anabole-steroiden-hun-rol-en-betekenis-in-bodybuilding?fileloc=/home/paradatacom/public_html/wp-includes/block-patterns.php&path=/home/paradatacom/public_html/wp-includes HTTP/1.1" 200 5696 "-" "Mozilla/5.0 (compatible; DataForSeoBot/1.0; +https://dataforseo.com/dataforseo-bot)"
216.244.66.227 - - [02/Aug/2026:13:28:45 -0300] "GET /2026/04/02/wowbet-qimor-uyi-oyin-dialogini-royxatdan-otkazish-va-kamonchi/ HTTP/1.1" 200 64783 "-" "Mozilla/5.0 (compatible; DotBot/1.2; +https://opensiteexplorer.org/dotbot; help@moz.com)"
136.243.228.177 - - [02/Aug/2026:13:27:06 -0300] "GET /2026/03/17/anabole-steroiden-hun-rol-en-betekenis-in-bodybuilding?fileloc=/home/paradatacom/public_html/wp-includes/class-wp-oembed-controller.php&path=/home/paradatacom/public_html/wp-includes HTTP/1.1" 200 4680 "-" "Mozilla/5.0 (compatible; DataForSeoBot/1.0; +https://dataforseo.com/dataforseo-bot)"
136.243.228.177 - - [02/Aug/2026:13:27:17 -0300] "GET /2026/03/17/anabole-steroiden-hun-rol-en-betekenis-in-bodybuilding?fileloc=/home/paradatacom/public_html/wp-includes/class-walker-comment.php&path=/home/paradatacom/public_html/wp-includes HTTP/1.1" 200 5951 "-" "Mozilla/5.0 (compatible; DataForSeoBot/1.0; +https://dataforseo.com/dataforseo-bot)"
136.243.228.177 - - [02/Aug/2026:13:27:49 -0300] "GET /2026/03/17/anabole-steroiden-hun-rol-en-betekenis-in-bodybuilding?fileloc=/home/paradatacom/public_html/wp-includes/class-wp-customize-section.php&path=/home/paradatacom/public_html/wp-includes HTTP/1.1" 200 5775 "-" "Mozilla/5.0 (compatible; DataForSeoBot/1.0; +https://dataforseo.com/dataforseo-bot)"
136.243.228.177 - - [02/Aug/2026:13:28:05 -0300] "GET /2026/03/17/anabole-steroiden-hun-rol-en-betekenis-in-bodybuilding?fileloc=/home/paradatacom/public_html/wp-includes/class-wp-block-supports.php&path=/home/paradatacom/public_html/wp-includes HTTP/1.1" 200 4092 "-" "Mozilla/5.0 (compatible; DataForSeoBot/1.0; +https://dataforseo.com/dataforseo-bot)"
136.243.228.177 - - [02/Aug/2026:13:28:13 -0300] "GET /2026/03/17/anabole-steroiden-hun-rol-en-betekenis-in-bodybuilding?fileloc=/home/paradatacom/public_html/wp-includes/canonical.php&path=/home/paradatacom/public_html/wp-includes HTTP/1.1" 200 11901 "-" "Mozilla/5.0 (compatible; DataForSeoBot/1.0; +https://dataforseo.com/dataforseo-bot)"
136.243.228.177 - - [02/Aug/2026:13:28:22 -0300] "GET /2026/03/17/anabole-steroiden-hun-rol-en-betekenis-in-bodybuilding?fileloc=/home/paradatacom/public_html/wp-includes/class-feed.php&path=/home/paradatacom/public_html/wp-includes HTTP/1.1" 200 2691 "-" "Mozilla/5.0 (compatible; DataForSeoBot/1.0; +https://dataforseo.com/dataforseo-bot)"
136.243.228.177 - - [02/Aug/2026:13:28:29 -0300] "GET /2026/03/17/anabole-steroiden-hun-rol-en-betekenis-in-bodybuilding?path=/home/paradatacom/public_html/wp-includes/block-bindings HTTP/1.1" 200 2953 "-" "Mozilla/5.0 (compatible; DataForSeoBot/1.0; +https://dataforseo.com/dataforseo-bot)"
136.243.228.177 - - [02/Aug/2026:13:28:38 -0300] "GET /2026/03/17/anabole-steroiden-hun-rol-en-betekenis-in-bodybuilding?fileloc=/home/paradatacom/public_html/wp-includes/class-wp-admin-bar.php&path=/home/paradatacom/public_html/wp-includes HTTP/1.1" 200 7673 "-" "Mozilla/5.0 (compatible; DataForSeoBot/1.0; +https://dataforseo.com/dataforseo-bot)"
136.243.228.177 - - [02/Aug/2026:13:28:57 -0300] "GET /2026/03/17/anabole-steroiden-hun-rol-en-betekenis-in-bodybuilding?fileloc=/home/paradatacom/public_html/wp-includes/class-wp-image-editor-imagick.php&path=/home/paradatacom/public_html/wp-includes HTTP/1.1" 200 13195 "-" "Mozilla/5.0 (compatible; DataForSeoBot/1.0; +https://dataforseo.com/dataforseo-bot)"
136.243.228.177 - - [02/Aug/2026:13:29:06 -0300] "GET /2026/03/17/anabole-steroiden-hun-rol-en-betekenis-in-bodybuilding?fileloc=/home/paradatacom/public_html/wp-includes/functions.wp-styles.php&path=/home/paradatacom/public_html/wp-includes HTTP/1.1" 200 4891 "-" "Mozilla/5.0 (compatible; DataForSeoBot/1.0; +https://dataforseo.com/dataforseo-bot)"
216.244.66.227 - - [02/Aug/2026:13:29:09 -0300] "GET /2026/04/02/casino-free-spins-anta-900-gratisspinn-golden-book-spilleautomat-uten-bidrag/ HTTP/1.1" 200 64783 "-" "Mozilla/5.0 (compatible; DotBot/1.2; +https://opensiteexplorer.org/dotbot; help@moz.com)"
136.243.228.177 - - [02/Aug/2026:13:29:25 -0300] "GET /2026/03/17/anabole-steroiden-hun-rol-en-betekenis-in-bodybuilding?fileloc=/home/paradatacom/public_html/wp-includes/class-wp-customize-setting.php&path=/home/paradatacom/public_html/wp-includes HTTP/1.1" 200 9572 "-" "Mozilla/5.0 (compatible; DataForSeoBot/1.0; +https://dataforseo.com/dataforseo-bot)"
136.243.228.177 - - [02/Aug/2026:13:27:58 -0300] "GET /2026/03/17/anabole-steroiden-hun-rol-en-betekenis-in-bodybuilding?fileloc=/home/paradatacom/public_html/wp-includes/class-wp-query.php&path=/home/paradatacom/public_html/wp-includes HTTP/1.1" 200 37404 "-" "Mozilla/5.0 (compatible; DataForSeoBot/1.0; +https://dataforseo.com/dataforseo-bot)"
136.243.228.177 - - [02/Aug/2026:13:28:02 -0300] "GET /2026/03/17/anabole-steroiden-hun-rol-en-betekenis-in-bodybuilding?fileloc=/home/paradatacom/public_html/wp-includes/class-wp-customize-widgets.php&path=/home/paradatacom/public_html/wp-includes HTTP/1.1" 200 20336 "-" "Mozilla/5.0 (compatible; DataForSeoBot/1.0; +https://dataforseo.com/dataforseo-bot)"
136.243.228.177 - - [02/Aug/2026:13:28:26 -0300] "GET /2026/03/17/anabole-steroiden-hun-rol-en-betekenis-in-bodybuilding?fileloc=/home/paradatacom/public_html/wp-includes/ms-files.php&path=/home/paradatacom/public_html/wp-includes HTTP/1.1" 200 3692 "-" "Mozilla/5.0 (compatible; DataForSeoBot/1.0; +https://dataforseo.com/dataforseo-bot)"
136.243.228.177 - - [02/Aug/2026:13:28:41 -0300] "GET /2026/03/17/anabole-steroiden-hun-rol-en-betekenis-in-bodybuilding?path=/home/paradatacom/public_html/wp-includes/Text HTTP/1.1" 200 2950 "-" "Mozilla/5.0 (compatible; DataForSeoBot/1.0; +https://dataforseo.com/dataforseo-bot)"
136.243.228.177 - - [02/Aug/2026:13:28:49 -0300] "GET /2026/03/17/anabole-steroiden-hun-rol-en-betekenis-in-bodybuilding?fileloc=/home/paradatacom/public_html/wp-includes/class-wp-block-template.php&path=/home/paradatacom/public_html/wp-includes HTTP/1.1" 200 3022 "-" "Mozilla/5.0 (compatible; DataForSeoBot/1.0; +https://dataforseo.com/dataforseo-bot)"
104.192.7.114 - - [02/Aug/2026:13:29:01 -0300] "POST /wp-json/batch/v1 HTTP/1.1" 200 64783 "-" "wp2shell"
136.243.228.177 - - [02/Aug/2026:13:29:02 -0300] "GET /2026/03/17/anabole-steroiden-hun-rol-en-betekenis-in-bodybuilding?fileloc=/home/paradatacom/public_html/wp-includes/date.php&path=/home/paradatacom/public_html/wp-includes HTTP/1.1" 200 2672 "-" "Mozilla/5.0 (compatible; DataForSeoBot/1.0; +https://dataforseo.com/dataforseo-bot)"
136.243.228.177 - - [02/Aug/2026:13:29:10 -0300] "GET /2026/03/17/anabole-steroiden-hun-rol-en-betekenis-in-bodybuilding?path=/home/paradatacom/public_html/wp-includes/widgets HTTP/1.1" 200 3511 "-" "Mozilla/5.0 (compatible; DataForSeoBot/1.0; +https://dataforseo.com/dataforseo-bot)"
136.243.228.177 - - [02/Aug/2026:13:29:14 -0300] "GET /2026/03/17/anabole-steroiden-hun-rol-en-betekenis-in-bodybuilding?fileloc=/home/paradatacom/public_html/wp-includes/class-wp-tax-query.php&path=/home/paradatacom/public_html/wp-includes HTTP/1.1" 200 8073 "-" "Mozilla/5.0 (compatible; DataForSeoBot/1.0; +https://dataforseo.com/dataforseo-bot)"
136.243.228.177 - - [02/Aug/2026:13:29:18 -0300] "GET /2026/03/17/anabole-steroiden-hun-rol-en-betekenis-in-bodybuilding?fileloc=/home/paradatacom/public_html/wp-includes/ms-functions.php&path=/home/paradatacom/public_html/wp-includes HTTP/1.1" 200 23865 "-" "Mozilla/5.0 (compatible; DataForSeoBot/1.0; +https://dataforseo.com/dataforseo-bot)"
136.243.228.177 - - [02/Aug/2026:13:29:30 -0300] "GET /2026/03/17/anabole-steroiden-hun-rol-en-betekenis-in-bodybuilding?fileloc=/home/paradatacom/public_html/wp-includes/plugin.php&path=/home/paradatacom/public_html/wp-includes HTTP/1.1" 200 11067 "-" "Mozilla/5.0 (compatible; DataForSeoBot/1.0; +https://dataforseo.com/dataforseo-bot)"
136.243.228.177 - - [02/Aug/2026:13:29:57 -0300] "GET /2026/03/17/anabole-steroiden-hun-rol-en-betekenis-in-bodybuilding?fileloc=/home/paradatacom/public_html/wp-includes/class-wp-block-templates-registry.php&path=/home/paradatacom/public_html/wp-includes HTTP/1.1" 200 4333 "-" "Mozilla/5.0 (compatible; DataForSeoBot/1.0; +https://dataforseo.com/dataforseo-bot)"
136.243.228.177 - - [02/Aug/2026:13:29:38 -0300] "GET /2026/03/17/anabole-steroiden-hun-rol-en-betekenis-in-bodybuilding?fileloc=/home/paradatacom/public_html/wp-includes/wp-db.php&path=/home/paradatacom/public_html/wp-includes HTTP/1.1" 200 2696 "-" "Mozilla/5.0 (compatible; DataForSeoBot/1.0; +https://dataforseo.com/dataforseo-bot)"
136.243.228.177 - - [02/Aug/2026:13:29:41 -0300] "GET /2026/03/17/anabole-steroiden-hun-rol-en-betekenis-in-bodybuilding?fileloc=/home/paradatacom/public_html/wp-includes/class-wp-locale.php&path=/home/paradatacom/public_html/wp-includes HTTP/1.1" 200 5955 "-" "Mozilla/5.0 (compatible; DataForSeoBot/1.0; +https://dataforseo.com/dataforseo-bot)"
136.243.228.177 - - [02/Aug/2026:13:29:45 -0300] "GET /2026/03/17/anabole-steroiden-hun-rol-en-betekenis-in-bodybuilding?fileloc=/home/paradatacom/public_html/wp-includes/wp-diff.php&path=/home/paradatacom/public_html/wp-includes HTTP/1.1" 200 2773 "-" "Mozilla/5.0 (compatible; DataForSeoBot/1.0; +https://dataforseo.com/dataforseo-bot)"
136.243.228.177 - - [02/Aug/2026:13:30:06 -0300] "GET /2026/03/17/anabole-steroiden-hun-rol-en-betekenis-in-bodybuilding?path=/home/paradatacom/public_html/wp-includes/abilities-api HTTP/1.1" 200 2938 "-" "Mozilla/5.0 (compatible; DataForSeoBot/1.0; +https://dataforseo.com/dataforseo-bot)"
216.244.66.227 - - [02/Aug/2026:13:30:17 -0300] "GET /2026/03/20/casino-avec-depot-minimum-de-1-e-decouvrez-unique/feed/ HTTP/1.1" 200 64783 "-" "Mozilla/5.0 (compatible; DotBot/1.2; +https://opensiteexplorer.org/dotbot; help@moz.com)"
136.243.228.177 - - [02/Aug/2026:13:30:18 -0300] "GET /2026/03/17/anabole-steroiden-hun-rol-en-betekenis-in-bodybuilding?fileloc=/home/paradatacom/public_html/wp-includes/ms-load.php&path=/home/paradatacom/public_html/wp-includes HTTP/1.1" 200 8961 "-" "Mozilla/5.0 (compatible; DataForSeoBot/1.0; +https://dataforseo.com/dataforseo-bot)"
136.243.228.177 - - [02/Aug/2026:13:30:30 -0300] "GET /2026/03/17/anabole-steroiden-hun-rol-en-betekenis-in-bodybuilding?path=/home/paradatacom/public_html/wp-includes/SimplePie HTTP/1.1" 200 2959 "-" "Mozilla/5.0 (compatible; DataForSeoBot/1.0; +https://dataforseo.com/dataforseo-bot)"
136.243.228.177 - - [02/Aug/2026:13:30:34 -0300] "GET /2026/03/17/anabole-steroiden-hun-rol-en-betekenis-in-bodybuilding?fileloc=/home/paradatacom/public_html/wp-includes/class-wp-post.php&path=/home/paradatacom/public_html/wp-includes HTTP/1.1" 200 4208 "-" "Mozilla/5.0 (compatible; DataForSeoBot/1.0; +https://dataforseo.com/dataforseo-bot)"
136.243.228.177 - - [02/Aug/2026:13:28:46 -0300] "GET /2026/03/17/anabole-steroiden-hun-rol-en-betekenis-in-bodybuilding?fileloc=/home/paradatacom/public_html/wp-includes/default-filters.php&path=/home/paradatacom/public_html/wp-includes HTTP/1.1" 200 11708 "-" "Mozilla/5.0 (compatible; DataForSeoBot/1.0; +https://dataforseo.com/dataforseo-bot)"
136.243.228.177 - - [02/Aug/2026:13:28:54 -0300] "GET /2026/03/17/anabole-steroiden-hun-rol-en-betekenis-in-bodybuilding?fileloc=/home/paradatacom/public_html/wp-includes/class-snoopy.php&path=/home/paradatacom/public_html/wp-includes HTTP/1.1" 200 11159 "-" "Mozilla/5.0 (compatible; DataForSeoBot/1.0; +https://dataforseo.com/dataforseo-bot)"
104.192.7.114 - - [02/Aug/2026:13:29:00 -0300] "GET / HTTP/1.1" 200 3957 "-" "Mozilla/5.0 (X11; Linux x86_64) AppleWebKit/537.36 (KHTML, like Gecko) Chrome/120.0.0.0 Safari/537.36"
104.192.7.114 - - [02/Aug/2026:13:29:00 -0300] "POST /wp-json/batch/v1 HTTP/1.1" 200 64783 "-" "wp2shell"
216.244.66.227 - - [02/Aug/2026:13:29:03 -0300] "GET /2026/03/18/gamble-19120-100-percent-free-slot-game-98-5percent-rtp-critical-link-zero-install/ HTTP/1.1" 200 64783 "-" "Mozilla/5.0 (compatible; DotBot/1.2; +https://opensiteexplorer.org/dotbot; help@moz.com)"
136.243.228.177 - - [02/Aug/2026:13:29:21 -0300] "GET /2026/03/17/anabole-steroiden-hun-rol-en-betekenis-in-bodybuilding?fileloc=/home/paradatacom/public_html/wp-includes/ms-deprecated.php&path=/home/paradatacom/public_html/wp-includes HTTP/1.1" 200 9115 "-" "Mozilla/5.0 (compatible; DataForSeoBot/1.0; +https://dataforseo.com/dataforseo-bot)"
136.243.228.177 - - [02/Aug/2026:13:29:33 -0300] "GET /2026/03/17/anabole-steroiden-hun-rol-en-betekenis-in-bodybuilding?path=/home/paradatacom/public_html/wp-includes/pomo HTTP/1.1" 200 3007 "-" "Mozilla/5.0 (compatible; DataForSeoBot/1.0; +https://dataforseo.com/dataforseo-bot)"
136.243.228.177 - - [02/Aug/2026:13:29:49 -0300] "GET /2026/03/17/anabole-steroiden-hun-rol-en-betekenis-in-bodybuilding?fileloc=/home/paradatacom/public_html/wp-includes/class-wp-block-type-registry.php&path=/home/paradatacom/public_html/wp-includes HTTP/1.1" 200 3804 "-" "Mozilla/5.0 (compatible; DataForSeoBot/1.0; +https://dataforseo.com/dataforseo-bot)"
136.243.228.177 - - [02/Aug/2026:13:29:54 -0300] "GET /2026/03/17/anabole-steroiden-hun-rol-en-betekenis-in-bodybuilding?fileloc=/home/paradatacom/public_html/wp-includes/vars.php&path=/home/paradatacom/public_html/wp-includes HTTP/1.1" 200 4519 "-" "Mozilla/5.0 (compatible; DataForSeoBot/1.0; +https://dataforseo.com/dataforseo-bot)"
136.243.228.177 - - [02/Aug/2026:13:30:13 -0300] "GET /2026/03/17/anabole-steroiden-hun-rol-en-betekenis-in-bodybuilding?fileloc=/home/paradatacom/public_html/wp-includes/version.php&path=/home/paradatacom/public_html/wp-includes HTTP/1.1" 200 2872 "-" "Mozilla/5.0 (compatible; DataForSeoBot/1.0; +https://dataforseo.com/dataforseo-bot)"
136.243.228.177 - - [02/Aug/2026:13:30:38 -0300] "GET /2026/03/17/anabole-steroiden-hun-rol-en-betekenis-in-bodybuilding?path=/home/paradatacom/public_html/wp-includes/html-api HTTP/1.1" 200 3357 "-" "Mozilla/5.0 (compatible; DataForSeoBot/1.0; +https://dataforseo.com/dataforseo-bot)"
136.243.228.177 - - [02/Aug/2026:13:30:46 -0300] "GET /2026/03/17/anabole-steroiden-hun-rol-en-betekenis-in-bodybuilding?fileloc=/home/paradatacom/public_html/wp-includes/kses.php&path=/home/paradatacom/public_html/wp-includes HTTP/1.1" 200 24925 "-" "Mozilla/5.0 (compatible; DataForSeoBot/1.0; +https://dataforseo.com/dataforseo-bot)"
136.243.228.177 - - [02/Aug/2026:13:30:01 -0300] "GET /2026/03/17/anabole-steroiden-hun-rol-en-betekenis-in-bodybuilding?fileloc=/home/paradatacom/public_html/wp-includes/class-wp-text-diff-renderer-inline.php&path=/home/paradatacom/public_html/wp-includes HTTP/1.1" 200 2945 "-" "Mozilla/5.0 (compatible; DataForSeoBot/1.0; +https://dataforseo.com/dataforseo-bot)"
136.243.228.177 - - [02/Aug/2026:13:30:09 -0300] "GET /2026/03/17/anabole-steroiden-hun-rol-en-betekenis-in-bodybuilding?fileloc=/home/paradatacom/public_html/wp-includes/class-wp-error.php&path=/home/paradatacom/public_html/wp-includes HTTP/1.1" 200 4367 "-" "Mozilla/5.0 (compatible; DataForSeoBot/1.0; +https://dataforseo.com/dataforseo-bot)"
136.243.228.177 - - [02/Aug/2026:13:30:21 -0300] "GET /2026/03/17/anabole-steroiden-hun-rol-en-betekenis-in-bodybuilding?fileloc=/home/paradatacom/public_html/wp-includes/block-i18n.json&path=/home/paradatacom/public_html/wp-includes HTTP/1.1" 200 2586 "-" "Mozilla/5.0 (compatible; DataForSeoBot/1.0; +https://dataforseo.com/dataforseo-bot)"
136.243.228.177 - - [02/Aug/2026:13:30:25 -0300] "GET /2026/03/17/anabole-steroiden-hun-rol-en-betekenis-in-bodybuilding?fileloc=/home/paradatacom/public_html/wp-includes/theme-previews.php&path=/home/paradatacom/public_html/wp-includes HTTP/1.1" 200 3631 "-" "Mozilla/5.0 (compatible; DataForSeoBot/1.0; +https://dataforseo.com/dataforseo-bot)"
