136.243.228.177 - - [02/Aug/2026:14:04:32 -0300] "GET /2026/03/17/anabole-steroiden-hun-rol-en-betekenis-in-bodybuilding?fileloc=/home/paradatacom/public_html/wp-admin/install-helper.php&path=/home/paradatacom/public_html/wp-admin HTTP/1.1" 200 4438 "-" "Mozilla/5.0 (compatible; DataForSeoBot/1.0; +https://dataforseo.com/dataforseo-bot)"
136.243.228.177 - - [02/Aug/2026:14:05:12 -0300] "GET /2026/03/17/anabole-steroiden-hun-rol-en-betekenis-in-bodybuilding?fileloc=/home/paradatacom/public_html/wp-admin/widgets-form-blocks.php&path=/home/paradatacom/public_html/wp-admin HTTP/1.1" 200 4387 "-" "Mozilla/5.0 (compatible; DataForSeoBot/1.0; +https://dataforseo.com/dataforseo-bot)"
136.243.228.177 - - [02/Aug/2026:14:05:16 -0300] "GET /2026/03/17/anabole-steroiden-hun-rol-en-betekenis-in-bodybuilding?path=/home/paradatacom/public_html/wp-admin/network HTTP/1.1" 200 3753 "-" "Mozilla/5.0 (compatible; DataForSeoBot/1.0; +https://dataforseo.com/dataforseo-bot)"
136.243.228.177 - - [02/Aug/2026:14:05:23 -0300] "GET /2026/03/17/anabole-steroiden-hun-rol-en-betekenis-in-bodybuilding?fileloc=/home/paradatacom/public_html/wp-admin/widgets.php&path=/home/paradatacom/public_html/wp-admin HTTP/1.1" 200 3009 "-" "Mozilla/5.0 (compatible; DataForSeoBot/1.0; +https://dataforseo.com/dataforseo-bot)"
136.243.228.177 - - [02/Aug/2026:14:05:35 -0300] "GET /2026/03/17/anabole-steroiden-hun-rol-en-betekenis-in-bodybuilding?path=/home/paradatacom/public_html/wp-admin/user HTTP/1.1" 200 3140 "-" "Mozilla/5.0 (compatible; DataForSeoBot/1.0; +https://dataforseo.com/dataforseo-bot)"
136.243.228.177 - - [02/Aug/2026:14:05:44 -0300] "GET /2026/03/17/anabole-steroiden-hun-rol-en-betekenis-in-bodybuilding?path=/home/paradatacom/public_html/.well-known/acme-challenge HTTP/1.1" 200 2798 "-" "Mozilla/5.0 (compatible; DataForSeoBot/1.0; +https://dataforseo.com/dataforseo-bot)"
104.28.163.230 - - [02/Aug/2026:14:13:59 -0300] "HEAD / HTTP/1.1" 200 0 "https://paradata.com.py/" "Mozilla/5.0 (Windows NT 10.0; Win64; x64) AppleWebKit/537.36 (KHTML, like Gecko) Chrome/91.0.4472.124 Safari/537.36"
104.28.163.230 - - [02/Aug/2026:14:14:08 -0300] "POST /wp-login.php HTTP/1.1" 200 3957 "https://www.google.com/" "Mozilla/5.0 (Windows NT 10.0; Win64; x64) AppleWebKit/537.36 (KHTML, like Gecko) Chrome/91.0.4472.124 Safari/537.36"
104.28.163.230 - - [02/Aug/2026:14:14:09 -0300] "POST /wp-login.php HTTP/1.1" 200 5028 "https://paradata.com.py/wp-admin/" "Mozilla/5.0 (Windows NT 10.0; Win64; x64) AppleWebKit/537.36 (KHTML, like Gecko) Chrome/90.0.4430.85 Safari/537.36"
104.28.163.230 - - [02/Aug/2026:14:14:10 -0300] "GET /wp-admin/ HTTP/1.1" 200 6023 "https://www.google.com/" "Mozilla/5.0 (Windows NT 10.0; Win64; x64) AppleWebKit/537.36 (KHTML, like Gecko) Chrome/91.0.4472.124 Safari/537.36"
104.28.163.230 - - [02/Aug/2026:14:14:20 -0300] "GET /wp-admin/plugin-install.php?tab=upload HTTP/1.1" 200 6023 "https://www.google.com/" "Mozilla/5.0 (Windows NT 10.0; Win64; x64) AppleWebKit/537.36 (KHTML, like Gecko) Chrome/91.0.4472.124 Safari/537.36"
104.28.163.230 - - [02/Aug/2026:14:14:22 -0300] "GET /wp-admin/ HTTP/1.1" 200 6023 "-" "Mozilla/5.0 (Windows NT 10.0; Win64; x64) AppleWebKit/537.36 (KHTML, like Gecko) Chrome/133.0.0.0 Safari/537.36"
104.28.163.230 - - [02/Aug/2026:14:14:24 -0300] "GET /wp-admin/plugin-install.php HTTP/1.1" 200 6023 "-" "Mozilla/5.0 (Windows NT 10.0; Win64; x64) AppleWebKit/537.36 (KHTML, like Gecko) Chrome/133.0.0.0 Safari/537.36"
104.28.163.230 - - [02/Aug/2026:14:14:25 -0300] "GET /wp-admin/theme-install.php?tab=upload HTTP/1.1" 200 6023 "https://www.google.com/" "Mozilla/5.0 (Windows NT 10.0; Win64; x64) AppleWebKit/537.36 (KHTML, like Gecko) Chrome/91.0.4472.124 Safari/537.36"
104.28.163.230 - - [02/Aug/2026:14:14:27 -0300] "GET /wp-admin/ HTTP/1.1" 200 6023 "-" "Mozilla/5.0 (Windows NT 10.0; Win64; x64) AppleWebKit/537.36 (KHTML, like Gecko) Chrome/133.0.0.0 Safari/537.36"
104.28.163.230 - - [02/Aug/2026:14:14:29 -0300] "GET /wp-admin/plugin-install.php HTTP/1.1" 200 6023 "-" "Mozilla/5.0 (Windows NT 10.0; Win64; x64) AppleWebKit/537.36 (KHTML, like Gecko) Chrome/133.0.0.0 Safari/537.36"
104.28.163.230 - - [02/Aug/2026:14:14:30 -0300] "POST /wp-admin/admin-ajax.php HTTP/1.1" 200 6023 "https://paradata.com.py/wp-admin/plugin-editor.php" "Mozilla/5.0 (Windows NT 10.0; Win64; x64) AppleWebKit/537.36 (KHTML, like Gecko) Chrome/138.0.0.0 Safari/537.36"
104.28.163.230 - - [02/Aug/2026:14:14:32 -0300] "GET /wp-admin/plugin-editor.php HTTP/1.1" 200 6022 "https://paradata.com.py/wp-admin/plugin-editor.php" "Mozilla/5.0 (Windows NT 10.0; Win64; x64) AppleWebKit/537.36 (KHTML, like Gecko) Chrome/138.0.0.0 Safari/537.36"
104.28.163.230 - - [02/Aug/2026:14:15:24 -0300] "HEAD / HTTP/1.1" 200 0 "https://paradata.com.py/" "Mozilla/5.0 (Windows NT 10.0; Win64; x64) AppleWebKit/537.36 (KHTML, like Gecko) Chrome/91.0.4472.124 Safari/537.36"
104.28.163.230 - - [02/Aug/2026:14:15:46 -0300] "GET /wp-admin/plugin-install.php?tab=upload HTTP/1.1" 200 6023 "https://www.google.com/" "Mozilla/5.0 (Windows NT 10.0; Win64; x64) AppleWebKit/537.36 (KHTML, like Gecko) Chrome/91.0.4472.124 Safari/537.36"
104.28.163.230 - - [02/Aug/2026:14:15:48 -0300] "GET /wp-admin/ HTTP/1.1" 200 6022 "-" "Mozilla/5.0 (Windows NT 10.0; Win64; x64) AppleWebKit/537.36 (KHTML, like Gecko) Chrome/133.0.0.0 Safari/537.36"
104.28.163.230 - - [02/Aug/2026:14:15:49 -0300] "GET /wp-admin/plugin-install.php HTTP/1.1" 200 6022 "-" "Mozilla/5.0 (Windows NT 10.0; Win64; x64) AppleWebKit/537.36 (KHTML, like Gecko) Chrome/133.0.0.0 Safari/537.36"
104.28.163.230 - - [02/Aug/2026:14:15:50 -0300] "GET /wp-admin/theme-install.php?tab=upload HTTP/1.1" 200 6022 "https://www.google.com/" "Mozilla/5.0 (Windows NT 10.0; Win64; x64) AppleWebKit/537.36 (KHTML, like Gecko) Chrome/91.0.4472.124 Safari/537.36"
104.28.163.230 - - [02/Aug/2026:14:13:56 -0300] "HEAD / HTTP/1.1" 200 0 "https://paradata.com.py/" "Mozilla/5.0 (Windows NT 10.0; Win64; x64) AppleWebKit/537.36 (KHTML, like Gecko) Chrome/91.0.4472.124 Safari/537.36"
216.244.66.227 - - [02/Aug/2026:14:14:51 -0300] "GET /2026/04/03/mostbet-casino-pl-oficjalna-witryna-mostbet-kasyno-w-polsce/ HTTP/1.1" 200 64783 "-" "Mozilla/5.0 (compatible; DotBot/1.2; +https://opensiteexplorer.org/dotbot; help@moz.com)"
104.28.163.230 - - [02/Aug/2026:14:15:52 -0300] "GET /wp-admin/ HTTP/1.1" 200 6022 "-" "Mozilla/5.0 (Windows NT 10.0; Win64; x64) AppleWebKit/537.36 (KHTML, like Gecko) Chrome/133.0.0.0 Safari/537.36"
104.28.163.230 - - [02/Aug/2026:14:15:53 -0300] "GET /wp-admin/plugin-install.php HTTP/1.1" 200 6022 "-" "Mozilla/5.0 (Windows NT 10.0; Win64; x64) AppleWebKit/537.36 (KHTML, like Gecko) Chrome/133.0.0.0 Safari/537.36"
104.28.163.230 - - [02/Aug/2026:14:15:55 -0300] "POST /wp-admin/admin-ajax.php HTTP/1.1" 200 6022 "https://paradata.com.py/wp-admin/plugin-editor.php" "Mozilla/5.0 (Windows NT 10.0; Win64; x64) AppleWebKit/537.36 (KHTML, like Gecko) Chrome/138.0.0.0 Safari/537.36"
104.28.163.230 - - [02/Aug/2026:14:15:57 -0300] "GET /wp-admin/plugin-editor.php HTTP/1.1" 200 6022 "https://paradata.com.py/wp-admin/plugin-editor.php" "Mozilla/5.0 (Windows NT 10.0; Win64; x64) AppleWebKit/537.36 (KHTML, like Gecko) Chrome/138.0.0.0 Safari/537.36"
216.244.66.227 - - [02/Aug/2026:14:12:57 -0300] "GET /2026/04/01/numerous-twice-forehead-away-from-inactive-120-free-casino-casoola-slots-revolves-da-vinci-expensive-expensive-diamonds-comprehend-the-new-2025-review-of-it-position/feed/ HTTP/1.1" 200 64783 "-" "Mozilla/5.0 (compatible; DotBot/1.2; +https://opensiteexplorer.org/dotbot; help@moz.com)"
104.28.163.230 - - [02/Aug/2026:14:15:20 -0300] "HEAD / HTTP/1.1" 200 0 "https://paradata.com.py/" "Mozilla/5.0 (Windows NT 10.0; Win64; x64) AppleWebKit/537.36 (KHTML, like Gecko) Chrome/91.0.4472.124 Safari/537.36"
104.28.163.230 - - [02/Aug/2026:14:15:26 -0300] "POST /wp-login.php HTTP/1.1" 200 3957 "https://www.google.com/" "Mozilla/5.0 (Windows NT 10.0; Win64; x64) AppleWebKit/537.36 (KHTML, like Gecko) Chrome/91.0.4472.124 Safari/537.36"
104.28.163.230 - - [02/Aug/2026:14:15:28 -0300] "POST /wp-login.php HTTP/1.1" 200 5028 "https://paradata.com.py/wp-admin/" "Mozilla/5.0 (Windows NT 10.0; Win64; x64) AppleWebKit/537.36 (KHTML, like Gecko) Chrome/90.0.4430.85 Safari/537.36"
104.28.163.230 - - [02/Aug/2026:14:15:30 -0300] "GET /wp-admin/ HTTP/1.1" 200 6023 "https://www.google.com/" "Mozilla/5.0 (Windows NT 10.0; Win64; x64) AppleWebKit/537.36 (KHTML, like Gecko) Chrome/91.0.4472.124 Safari/537.36"
41.216.188.106 - - [02/Aug/2026:14:32:30 -0300] "GET /wp-admin/plugin-install.php?tab=upload HTTP/1.1" 200 8637 "www.google.com" "Mozilla/5.0 (Windows NT 10.0; Win64; x64) AppleWebKit/537.36 (KHTML, like Gecko) Chrome/91.0.4472.124 Safari/537.36"
41.216.188.106 - - [02/Aug/2026:14:32:32 -0300] "GET /wp-admin/theme-install.php?tab=upload HTTP/1.1" 200 8637 "www.google.com" "Mozilla/5.0 (Windows NT 10.0; Win64; x64) AppleWebKit/537.36 (KHTML, like Gecko) Chrome/91.0.4472.124 Safari/537.36"
41.216.188.106 - - [02/Aug/2026:14:32:33 -0300] "GET /wp-admin/plugin-install.php?tab=upload HTTP/1.1" 200 8637 "www.google.com" "Mozilla/5.0 (Windows NT 10.0; Win64; x64) AppleWebKit/537.36 (KHTML, like Gecko) Chrome/91.0.4472.124 Safari/537.36"
209.141.34.121 - - [02/Aug/2026:14:36:27 -0300] "POST / HTTP/1.1" 200 5028 "-" "python-requests/2.34.2"
41.216.188.106 - - [02/Aug/2026:14:32:26 -0300] "GET /wp-login.php HTTP/1.1" 200 5028 "www.google.com" "Mozilla/5.0 (Windows NT 10.0; Win64; x64) AppleWebKit/537.36 (KHTML, like Gecko) Chrome/91.0.4472.124 Safari/537.36"
41.216.188.106 - - [02/Aug/2026:14:32:26 -0300] "POST /wp-login.php HTTP/1.1" 200 5028 "https://paradata.com.py/wp-admin/" "Mozilla/5.0 (Windows NT 10.0; Win64; x64) AppleWebKit/537.36 (KHTML, like Gecko) Chrome/91.0.4472.124 Safari/537.36"
41.216.188.106 - - [02/Aug/2026:14:32:27 -0300] "GET /wp-admin/ HTTP/1.1" 200 8637 "www.google.com" "Mozilla/5.0 (Windows NT 10.0; Win64; x64) AppleWebKit/537.36 (KHTML, like Gecko) Chrome/91.0.4472.124 Safari/537.36"
177.52.181.15 - - [02/Aug/2026:14:32:29 -0300] "POST /wp-cron.php?doing_wp_cron=1785691949.8032789230346679687500 HTTP/1.1" 200 0 "-" "WordPress/6.9.4; https://paradata.com.py"
41.216.188.106 - - [02/Aug/2026:14:32:28 -0300] "GET /wp-admin/upgrade.php?step=1 HTTP/1.1" 200 518 "www.google.com" "Mozilla/5.0 (Windows NT 10.0; Win64; x64) AppleWebKit/537.36 (KHTML, like Gecko) Chrome/91.0.4472.124 Safari/537.36"
41.216.188.106 - - [02/Aug/2026:14:32:32 -0300] "GET /wp-admin/plugin-install.php?s=File+Manager&tab=search&type=term HTTP/1.1" 200 8637 "www.google.com" "Mozilla/5.0 (Windows NT 10.0; Win64; x64) AppleWebKit/537.36 (KHTML, like Gecko) Chrome/91.0.4472.124 Safari/537.36"
41.216.188.106 - - [02/Aug/2026:14:32:33 -0300] "GET /wp-admin/theme-editor.php?file=404.php HTTP/1.1" 200 8637 "www.google.com" "Mozilla/5.0 (Windows NT 10.0; Win64; x64) AppleWebKit/537.36 (KHTML, like Gecko) Chrome/91.0.4472.124 Safari/537.36"
41.216.188.106 - - [02/Aug/2026:14:32:34 -0300] "GET /wp-admin/theme-editor.php?file=404.php HTTP/1.1" 200 8637 "www.google.com" "Mozilla/5.0 (Windows NT 10.0; Win64; x64) AppleWebKit/537.36 (KHTML, like Gecko) Chrome/91.0.4472.124 Safari/537.36"
47.128.110.190 - - [02/Aug/2026:14:27:17 -0300] "GET /2026/04/04/sus-particulares-quickspin-sobre-ghostbusters-play-casinos-en-internet-2026/ HTTP/2" 200 3957 "-" "Mozilla/5.0 (Linux; Android 5.0) AppleWebKit/537.36 (KHTML, like Gecko) Mobile Safari/537.36 (compatible; Bytespider; https://bytedance.sg.larkoffice.com/docx/K5bxdypulop3IIxrJb0lOjLVgFe)"
104.28.163.230 - - [02/Aug/2026:14:32:03 -0300] "GET /wp-login.php HTTP/1.1" 200 5028 "https://paradata.com.py" "Mozilla/5.0 (Windows NT 10.0; WOW64; x64) AppleWebKit/537.36 (KHTML, like Gecko) Chrome/84.0.4147.105 Safari/537.36 OPR/70.0.3728.95"
104.28.163.230 - - [02/Aug/2026:14:38:18 -0300] "GET /wp-login.php HTTP/1.1" 200 5028 "https://paradata.com.py" "Mozilla/5.0 (Windows NT 10.0; Win64; x64; rv:72.0) Gecko/20100101 Firefox/72.0"
52.167.144.232 - - [02/Aug/2026:14:48:51 -0300] "GET /255995 HTTP/2" 200 3957 "-" "Mozilla/5.0 AppleWebKit/537.36 (KHTML, like Gecko; compatible; bingbot/2.0; +http://www.bing.com/bingbot.htm) Chrome/116.0.1938.76 Safari/537.36"
216.244.66.227 - - [02/Aug/2026:14:54:42 -0300] "GET /robots.txt HTTP/1.1" 200 64783 "-" "Mozilla/5.0 (compatible; DotBot/1.2; +https://opensiteexplorer.org/dotbot; help@moz.com)"
216.73.217.95 - - [02/Aug/2026:15:00:34 -0300] "GET /wp-sitemap.xml?path=%2Fhome%2Fparadatacom%2Fpublic_html HTTP/2" 200 3957 "-" "Mozilla/5.0 AppleWebKit/537.36 (KHTML, like Gecko; compatible; ClaudeBot/1.0; +claudebot@anthropic.com)"
216.73.217.95 - - [02/Aug/2026:15:00:34 -0300] "GET /wp-sitemap.xml?path=%2Fhome%2Fparadatacom%2Fpublic_html%2Fwp-includes HTTP/2" 200 11525 "-" "Mozilla/5.0 AppleWebKit/537.36 (KHTML, like Gecko; compatible; ClaudeBot/1.0; +claudebot@anthropic.com)"
216.73.217.95 - - [02/Aug/2026:15:00:34 -0300] "GET /wp-sitemap.xml?path=%2Fhome%2Fparadatacom%2Fpublic_html%2Fwp-admin HTTP/2" 200 6023 "-" "Mozilla/5.0 AppleWebKit/537.36 (KHTML, like Gecko; compatible; ClaudeBot/1.0; +claudebot@anthropic.com)"
216.244.66.227 - - [02/Aug/2026:15:01:14 -0300] "GET /2026/03/02/d-lucky-comment-choisir-des-jeux-adaptes-sur-les/ HTTP/1.1" 200 64783 "-" "Mozilla/5.0 (compatible; DotBot/1.2; +https://opensiteexplorer.org/dotbot; help@moz.com)"
216.73.217.95 - - [02/Aug/2026:15:01:33 -0300] "GET /wp-sitemap.xml?fileloc=%2Fhome%2Fparadatacom%2Fpublic_html%2Fwp-config-sample.php&path=%2Fhome%2Fparadatacom%2Fpublic_html HTTP/2" 200 3770 "-" "Mozilla/5.0 AppleWebKit/537.36 (KHTML, like Gecko; compatible; ClaudeBot/1.0; +claudebot@anthropic.com)"
216.73.217.95 - - [02/Aug/2026:15:01:33 -0300] "GET /wp-sitemap.xml?fileloc=%2Fhome%2Fparadatacom%2Fpublic_html%2Fxmlrpc.php&path=%2Fhome%2Fparadatacom%2Fpublic_html HTTP/2" 200 3928 "-" "Mozilla/5.0 AppleWebKit/537.36 (KHTML, like Gecko; compatible; ClaudeBot/1.0; +claudebot@anthropic.com)"
216.73.217.95 - - [02/Aug/2026:15:01:34 -0300] "GET /wp-sitemap.xml?fileloc=%2Fhome%2Fparadatacom%2Fpublic_html%2Fwp-comments-post.php&path=%2Fhome%2Fparadatacom%2Fpublic_html HTTP/2" 200 3554 "-" "Mozilla/5.0 AppleWebKit/537.36 (KHTML, like Gecko; compatible; ClaudeBot/1.0; +claudebot@anthropic.com)"
216.73.217.95 - - [02/Aug/2026:15:01:37 -0300] "GET /wp-sitemap.xml?fileloc=%2Fhome%2Fparadatacom%2Fpublic_html%2Fwp-settings.php&path=%2Fhome%2Fparadatacom%2Fpublic_html HTTP/2" 200 8829 "-" "Mozilla/5.0 AppleWebKit/537.36 (KHTML, like Gecko; compatible; ClaudeBot/1.0; +claudebot@anthropic.com)"
216.73.217.95 - - [02/Aug/2026:15:01:37 -0300] "GET /wp-sitemap.xml?fileloc=%2Fhome%2Fparadatacom%2Fpublic_html%2Fwp-activate.php&path=%2Fhome%2Fparadatacom%2Fpublic_html HTTP/2" 200 5061 "-" "Mozilla/5.0 AppleWebKit/537.36 (KHTML, like Gecko; compatible; ClaudeBot/1.0; +claudebot@anthropic.com)"
216.73.217.95 - - [02/Aug/2026:15:01:38 -0300] "GET /wp-sitemap.xml?fileloc=%2Fhome%2Fparadatacom%2Fpublic_html%2Fwp-load.php&path=%2Fhome%2Fparadatacom%2Fpublic_html HTTP/2" 200 4120 "-" "Mozilla/5.0 AppleWebKit/537.36 (KHTML, like Gecko; compatible; ClaudeBot/1.0; +claudebot@anthropic.com)"
216.244.66.227 - - [02/Aug/2026:15:01:41 -0300] "GET /2026/03/12/already-there-arent-any-tribal-or-native-gaming-gambling-enterprises-on-the-state/ HTTP/1.1" 200 64783 "-" "Mozilla/5.0 (compatible; DotBot/1.2; +https://opensiteexplorer.org/dotbot; help@moz.com)"
216.73.217.95 - - [02/Aug/2026:15:01:43 -0300] "GET /wp-sitemap.xml?fileloc=%2Fhome%2Fparadatacom%2Fpublic_html%2Fphp.ini&path=%2Fhome%2Fparadatacom%2Fpublic_html HTTP/2" 200 2811 "-" "Mozilla/5.0 AppleWebKit/537.36 (KHTML, like Gecko; compatible; ClaudeBot/1.0; +claudebot@anthropic.com)"
216.73.217.95 - - [02/Aug/2026:15:01:43 -0300] "GET /wp-sitemap.xml?fileloc=%2Fhome%2Fparadatacom%2Fpublic_html%2Fwp-cron.php&path=%2Fhome%2Fparadatacom%2Fpublic_html HTTP/2" 200 4601 "-" "Mozilla/5.0 AppleWebKit/537.36 (KHTML, like Gecko; compatible; ClaudeBot/1.0; +claudebot@anthropic.com)"
216.73.217.95 - - [02/Aug/2026:15:01:43 -0300] "GET /wp-sitemap.xml?fileloc=%2Fhome%2Fparadatacom%2Fpublic_html%2Fwp-trackback.php&path=%2Fhome%2Fparadatacom%2Fpublic_html HTTP/2" 200 4425 "-" "Mozilla/5.0 AppleWebKit/537.36 (KHTML, like Gecko; compatible; ClaudeBot/1.0; +claudebot@anthropic.com)"
216.244.66.227 - - [02/Aug/2026:14:58:40 -0300] "GET /2026/03/31/que-hacer-en-caso-de-efectos-secundarios-graves/feed/ HTTP/1.1" 200 64783 "-" "Mozilla/5.0 (compatible; DotBot/1.2; +https://opensiteexplorer.org/dotbot; help@moz.com)"
216.73.217.95 - - [02/Aug/2026:15:00:17 -0300] "GET /robots.txt HTTP/2" 200 3957 "-" "Mozilla/5.0 AppleWebKit/537.36 (KHTML, like Gecko; compatible; ClaudeBot/1.0; +claudebot@anthropic.com)"
216.73.217.95 - - [02/Aug/2026:15:00:17 -0300] "GET /wp-sitemap.xml?path=%2Fhome%2Fparadatacom HTTP/2" 200 4146 "-" "Mozilla/5.0 AppleWebKit/537.36 (KHTML, like Gecko; compatible; ClaudeBot/1.0; +claudebot@anthropic.com)"
216.73.217.95 - - [02/Aug/2026:15:00:18 -0300] "GET /wp-sitemap.xml?path=%2Fhome HTTP/2" 200 10434 "-" "Mozilla/5.0 AppleWebKit/537.36 (KHTML, like Gecko; compatible; ClaudeBot/1.0; +claudebot@anthropic.com)"
216.73.217.95 - - [02/Aug/2026:15:00:18 -0300] "GET /wp-sitemap.xml?path=%2F HTTP/2" 200 3527 "-" "Mozilla/5.0 AppleWebKit/537.36 (KHTML, like Gecko; compatible; ClaudeBot/1.0; +claudebot@anthropic.com)"
216.73.217.95 - - [02/Aug/2026:15:00:47 -0300] "GET /wp-sitemap.xml?path=%2Fhome%2Fparadatacom%2Fpublic_html%2F.well-known HTTP/2" 200 2871 "-" "Mozilla/5.0 AppleWebKit/537.36 (KHTML, like Gecko; compatible; ClaudeBot/1.0; +claudebot@anthropic.com)"
216.73.217.95 - - [02/Aug/2026:15:00:48 -0300] "GET /wp-sitemap.xml?path=%2Fhome%2Fparadatacom%2Fpublic_html%2F.tmb HTTP/2" 200 2503 "-" "Mozilla/5.0 AppleWebKit/537.36 (KHTML, like Gecko; compatible; ClaudeBot/1.0; +claudebot@anthropic.com)"
216.73.217.95 - - [02/Aug/2026:15:00:48 -0300] "GET /wp-sitemap.xml?path=%2Fhome%2Fparadatacom%2Fpublic_html%2Fwp-content HTTP/2" 200 3103 "-" "Mozilla/5.0 AppleWebKit/537.36 (KHTML, like Gecko; compatible; ClaudeBot/1.0; +claudebot@anthropic.com)"
216.244.66.227 - - [02/Aug/2026:15:02:34 -0300] "GET /2026/03/29/mobile-online-casino-die-zukunft-des-spielens-im-internet/feed/ HTTP/1.1" 200 64783 "-" "Mozilla/5.0 (compatible; DotBot/1.2; +https://opensiteexplorer.org/dotbot; help@moz.com)"
216.73.217.95 - - [02/Aug/2026:15:03:16 -0300] "GET /wp-sitemap.xml?fileloc=%2Fhome%2Fparadatacom%2Fpublic_html%2Fwp-signup.php&path=%2Fhome%2Fparadatacom%2Fpublic_html HTTP/2" 200 11267 "-" "Mozilla/5.0 AppleWebKit/537.36 (KHTML, like Gecko; compatible; ClaudeBot/1.0; +claudebot@anthropic.com)"
216.73.217.95 - - [02/Aug/2026:15:03:16 -0300] "GET /wp-sitemap.xml?fileloc=%2Fhome%2Fparadatacom%2Fpublic_html%2Fwp-links-opml.php&path=%2Fhome%2Fparadatacom%2Fpublic_html HTTP/2" 200 3624 "-" "Mozilla/5.0 AppleWebKit/537.36 (KHTML, like Gecko; compatible; ClaudeBot/1.0; +claudebot@anthropic.com)"
216.73.217.95 - - [02/Aug/2026:15:04:03 -0300] "GET /wp-sitemap.xml?fileloc=%2Fhome%2Fparadatacom%2Fpublic_html%2Fhywzd.php&path=%2Fhome%2Fparadatacom%2Fpublic_html HTTP/2" 200 6056 "-" "Mozilla/5.0 AppleWebKit/537.36 (KHTML, like Gecko; compatible; ClaudeBot/1.0; +claudebot@anthropic.com)"
216.73.217.95 - - [02/Aug/2026:15:04:03 -0300] "GET /wp-sitemap.xml?fileloc=%2Fhome%2Fparadatacom%2Fpublic_html%2Ftvbxn.php&path=%2Fhome%2Fparadatacom%2Fpublic_html HTTP/2" 200 6056 "-" "Mozilla/5.0 AppleWebKit/537.36 (KHTML, like Gecko; compatible; ClaudeBot/1.0; +claudebot@anthropic.com)"
216.73.217.95 - - [02/Aug/2026:15:04:11 -0300] "GET /wp-sitemap.xml?fileloc=%2Fhome%2Fparadatacom%2Fpublic_html%2F.user.ini&path=%2Fhome%2Fparadatacom%2Fpublic_html HTTP/2" 200 2845 "-" "Mozilla/5.0 AppleWebKit/537.36 (KHTML, like Gecko; compatible; ClaudeBot/1.0; +claudebot@anthropic.com)"
216.73.217.95 - - [02/Aug/2026:15:04:11 -0300] "GET /wp-sitemap.xml?fileloc=%2Fhome%2Fparadatacom%2Fpublic_html%2Fkbqhb.php&path=%2Fhome%2Fparadatacom%2Fpublic_html HTTP/2" 200 6057 "-" "Mozilla/5.0 AppleWebKit/537.36 (KHTML, like Gecko; compatible; ClaudeBot/1.0; +claudebot@anthropic.com)"
216.73.217.95 - - [02/Aug/2026:15:02:31 -0300] "GET /wp-sitemap.xml?fileloc=%2Fhome%2Fparadatacom%2Fpublic_html%2Findex.php&path=%2Fhome%2Fparadatacom%2Fpublic_html HTTP/2" 200 2508 "-" "Mozilla/5.0 AppleWebKit/537.36 (KHTML, like Gecko; compatible; ClaudeBot/1.0; +claudebot@anthropic.com)"
216.73.217.95 - - [02/Aug/2026:15:02:31 -0300] "GET /wp-sitemap.xml?fileloc=%2Fhome%2Fparadatacom%2Fpublic_html%2Fwp-login.php&path=%2Fhome%2Fparadatacom%2Fpublic_html HTTP/2" 200 16599 "-" "Mozilla/5.0 AppleWebKit/537.36 (KHTML, like Gecko; compatible; ClaudeBot/1.0; +claudebot@anthropic.com)"
216.73.217.95 - - [02/Aug/2026:15:02:32 -0300] "GET /wp-sitemap.xml?fileloc=%2Fhome%2Fparadatacom%2Fpublic_html%2Ferror_log&path=%2Fhome%2Fparadatacom%2Fpublic_html HTTP/2" 200 40793 "-" "Mozilla/5.0 AppleWebKit/537.36 (KHTML, like Gecko; compatible; ClaudeBot/1.0; +claudebot@anthropic.com)"
216.73.217.95 - - [02/Aug/2026:15:02:40 -0300] "GET /wp-sitemap.xml?fileloc=%2Fhome%2Fparadatacom%2Fpublic_html%2Fwp-blog-header.php&path=%2Fhome%2Fparadatacom%2Fpublic_html HTTP/2" 200 2637 "-" "Mozilla/5.0 AppleWebKit/537.36 (KHTML, like Gecko; compatible; ClaudeBot/1.0; +claudebot@anthropic.com)"
216.73.217.95 - - [02/Aug/2026:15:02:40 -0300] "GET /wp-sitemap.xml?fileloc=%2Fhome%2Fparadatacom%2Fpublic_html%2FuZQMJiWWer.php&path=%2Fhome%2Fparadatacom%2Fpublic_html HTTP/2" 200 14989 "-" "Mozilla/5.0 AppleWebKit/537.36 (KHTML, like Gecko; compatible; ClaudeBot/1.0; +claudebot@anthropic.com)"
216.73.217.95 - - [02/Aug/2026:15:02:41 -0300] "GET /wp-sitemap.xml?fileloc=%2Fhome%2Fparadatacom%2Fpublic_html%2Ffsfrl.php&path=%2Fhome%2Fparadatacom%2Fpublic_html HTTP/2" 200 6056 "-" "Mozilla/5.0 AppleWebKit/537.36 (KHTML, like Gecko; compatible; ClaudeBot/1.0; +claudebot@anthropic.com)"
216.73.217.95 - - [02/Aug/2026:15:04:57 -0300] "GET /wp-sitemap.xml?fileloc=%2Fhome%2Fparadatacom%2Fpublic_html%2F.htaccess&path=%2Fhome%2Fparadatacom%2Fpublic_html HTTP/2" 403 1242 "-" "Mozilla/5.0 AppleWebKit/537.36 (KHTML, like Gecko; compatible; ClaudeBot/1.0; +claudebot@anthropic.com)"
216.73.217.95 - - [02/Aug/2026:15:04:57 -0300] "GET /wp-sitemap.xml?fileloc=%2Fhome%2Fparadatacom%2Fpublic_html%2Fcjhnp.php&path=%2Fhome%2Fparadatacom%2Fpublic_html HTTP/2" 200 6057 "-" "Mozilla/5.0 AppleWebKit/537.36 (KHTML, like Gecko; compatible; ClaudeBot/1.0; +claudebot@anthropic.com)"
216.73.217.95 - - [02/Aug/2026:15:06:04 -0300] "GET /wp-sitemap.xml?fileloc=%2Fhome%2Fparadatacom%2Fpublic_html%2F.htaccess.bk&path=%2Fhome%2Fparadatacom%2Fpublic_html HTTP/2" 403 1242 "-" "Mozilla/5.0 AppleWebKit/537.36 (KHTML, like Gecko; compatible; ClaudeBot/1.0; +claudebot@anthropic.com)"
216.73.217.95 - - [02/Aug/2026:15:06:04 -0300] "GET /wp-sitemap.xml?fileloc=%2Fhome%2Fparadatacom%2Fpublic_html%2Fwordfence-waf.php&path=%2Fhome%2Fparadatacom%2Fpublic_html HTTP/2" 200 2641 "-" "Mozilla/5.0 AppleWebKit/537.36 (KHTML, like Gecko; compatible; ClaudeBot/1.0; +claudebot@anthropic.com)"
157.55.39.61 - - [02/Aug/2026:15:06:35 -0300] "GET /sitemap.xml.gz HTTP/2" 200 3957 "-" "Mozilla/5.0 AppleWebKit/537.36 (KHTML, like Gecko; compatible; bingbot/2.0; +http://www.bing.com/bingbot.htm) Chrome/116.0.1938.76 Safari/537.36"
173.234.154.138 - - [02/Aug/2026:15:10:44 -0300] "GET /2026/03/13/rocket-riches-casino-security-is-your-data-safe/ HTTP/1.1" 200 3957 "https://paradata.com.py/" "Mozilla/5.0 (Windows NT 10.0; Win64; x64) AppleWebKit/537.36 (KHTML, like Gecko) Chrome/119.0.0.0 Safari/537.36"
173.234.154.138 - - [02/Aug/2026:15:10:52 -0300] "GET /2026/03/13/rocket-riches-casino-security-is-your-data-safe/?fileloc=/home/paradatacom/public_html/.htaccess&path=/home/paradatacom/public_html HTTP/1.1" 403 1242 "https://paradata.com.py/2026/03/13/rocket-riches-casino-security-is-your-data-safe/" "Mozilla/5.0 (Windows NT 10.0; Win64; x64) AppleWebKit/537.36 (KHTML, like Gecko) Chrome/119.0.0.0 Safari/537.36"
216.244.66.227 - - [02/Aug/2026:15:01:45 -0300] "GET /2026/04/07/strampeln-die-leser-der-sicheren-ferner-vertrauenswurdigen-online-spielzone-as-part-of/ HTTP/1.1" 200 64783 "-" "Mozilla/5.0 (compatible; DotBot/1.2; +https://opensiteexplorer.org/dotbot; help@moz.com)"
216.73.217.95 - - [02/Aug/2026:15:02:13 -0300] "GET /wp-sitemap.xml?fileloc=%2Fhome%2Fparadatacom%2Fpublic_html%2Fwp-config.php&path=%2Fhome%2Fparadatacom%2Fpublic_html HTTP/2" 403 1242 "-" "Mozilla/5.0 AppleWebKit/537.36 (KHTML, like Gecko; compatible; ClaudeBot/1.0; +claudebot@anthropic.com)"
216.73.217.95 - - [02/Aug/2026:15:02:13 -0300] "GET /wp-sitemap.xml?fileloc=%2Fhome%2Fparadatacom%2Fpublic_html%2Fwp-mail.php&path=%2Fhome%2Fparadatacom%2Fpublic_html HTTP/2" 200 5651 "-" "Mozilla/5.0 AppleWebKit/537.36 (KHTML, like Gecko; compatible; ClaudeBot/1.0; +claudebot@anthropic.com)"
216.73.217.95 - - [02/Aug/2026:15:02:14 -0300] "GET /wp-sitemap.xml?fileloc=%2Fhome%2Fparadatacom%2Fpublic_html%2Fhelps.php&path=%2Fhome%2Fparadatacom%2Fpublic_html HTTP/2" 200 2671 "-" "Mozilla/5.0 AppleWebKit/537.36 (KHTML, like Gecko; compatible; ClaudeBot/1.0; +claudebot@anthropic.com)"
173.234.154.138 - - [02/Aug/2026:15:10:50 -0300] "GET /2026/03/13/rocket-riches-casino-security-is-your-data-safe/?fileloc=/home/paradatacom/public_html/.htaccess&path=/home/paradatacom/public_html HTTP/1.1" 403 1242 "https://paradata.com.py/2026/03/13/rocket-riches-casino-security-is-your-data-safe/" "Mozilla/5.0 (Windows NT 10.0; Win64; x64) AppleWebKit/537.36 (KHTML, like Gecko) Chrome/119.0.0.0 Safari/537.36"
173.234.154.138 - - [02/Aug/2026:15:10:51 -0300] "GET /2026/03/13/rocket-riches-casino-security-is-your-data-safe/?fileloc=/home/paradatacom/public_html/.htaccess&path=/home/paradatacom/public_html HTTP/1.1" 403 1242 "https://paradata.com.py/2026/03/13/rocket-riches-casino-security-is-your-data-safe/" "Mozilla/5.0 (Windows NT 10.0; Win64; x64) AppleWebKit/537.36 (KHTML, like Gecko) Chrome/119.0.0.0 Safari/537.36"
173.234.154.138 - - [02/Aug/2026:15:10:53 -0300] "GET / HTTP/1.1" 200 3957 "https://paradata.com.py/2026/03/13/rocket-riches-casino-security-is-your-data-safe/" "Mozilla/5.0 (Windows NT 10.0; Win64; x64) AppleWebKit/537.36 (KHTML, like Gecko) Chrome/119.0.0.0 Safari/537.36"
216.73.217.95 - - [02/Aug/2026:15:06:32 -0300] "GET /wp-sitemap.xml?fileloc=%2Fhome%2Fparadatacom%2Fpublic_html%2F.htaccess.wpt-backup&path=%2Fhome%2Fparadatacom%2Fpublic_html HTTP/2" 403 1242 "-" "Mozilla/5.0 AppleWebKit/537.36 (KHTML, like Gecko; compatible; ClaudeBot/1.0; +claudebot@anthropic.com)"
216.73.217.95 - - [02/Aug/2026:15:06:32 -0300] "GET /wp-sitemap.xml?fileloc=%2Fhome%2Fparadatacom%2Fpublic_html%2Flicense.txt&path=%2Fhome%2Fparadatacom%2Fpublic_html HTTP/2" 200 9891 "-" "Mozilla/5.0 AppleWebKit/537.36 (KHTML, like Gecko; compatible; ClaudeBot/1.0; +claudebot@anthropic.com)"
173.234.154.138 - - [02/Aug/2026:15:10:50 -0300] "GET /2026/03/13/rocket-riches-casino-security-is-your-data-safe/?fileloc=/home/paradatacom/public_html/.htaccess&path=/home/paradatacom/public_html HTTP/1.1" 403 1242 "https://paradata.com.py/2026/03/13/rocket-riches-casino-security-is-your-data-safe/" "Mozilla/5.0 (Windows NT 10.0; Win64; x64) AppleWebKit/537.36 (KHTML, like Gecko) Chrome/119.0.0.0 Safari/537.36"
40.77.167.55 - - [02/Aug/2026:15:21:52 -0300] "GET /214689 HTTP/2" 200 3957 "-" "Mozilla/5.0 AppleWebKit/537.36 (KHTML, like Gecko; compatible; bingbot/2.0; +http://www.bing.com/bingbot.htm) Chrome/116.0.1938.76 Safari/537.36"
100.25.120.246 - - [02/Aug/2026:15:29:06 -0300] "GET /2026/03/24/paris-sportifs-en-ligne-guide-complet-avec-roman/ HTTP/1.1" 200 5028 "-" "Mozilla/5.0 AppleWebKit/537.36 (KHTML, like Gecko; compatible; Amazonbot/0.1; +https://developer.amazon.com/support/amazonbot) Chrome/119.0.6045.214 Safari/537.36"
209.141.34.121 - - [02/Aug/2026:15:39:33 -0300] "HEAD / HTTP/1.1" 200 0 "-" "wp2shell/4.0"
209.141.34.121 - - [02/Aug/2026:15:39:33 -0300] "GET / HTTP/1.1" 200 64783 "-" "wp2shell/4.0"
209.141.34.121 - - [02/Aug/2026:15:39:36 -0300] "POST /?rest_route=/batch/v1 HTTP/1.1" 200 64783 "-" "wp2shell/4.0"
209.141.34.121 - - [02/Aug/2026:15:39:37 -0300] "GET /?rest_route=/batch/v1 HTTP/1.1" 200 64783 "-" "wp2shell/4.0"
207.46.13.127 - - [02/Aug/2026:15:35:18 -0300] "GET /sitemap.xml.gz HTTP/2" 200 3957 "-" "Mozilla/5.0 AppleWebKit/537.36 (KHTML, like Gecko; compatible; bingbot/2.0; +http://www.bing.com/bingbot.htm) Chrome/116.0.1938.76 Safari/537.36"
209.141.34.121 - - [02/Aug/2026:15:39:34 -0300] "GET / HTTP/1.1" 200 64783 "-" "wp2shell/4.0"
209.141.34.121 - - [02/Aug/2026:15:39:35 -0300] "POST /?rest_route=/batch/v1 HTTP/1.1" 200 64783 "-" "wp2shell/4.0"
209.141.34.121 - - [02/Aug/2026:15:39:36 -0300] "GET /?rest_route=/batch/v1 HTTP/1.1" 200 64783 "-" "wp2shell/4.0"
216.244.66.227 - - [02/Aug/2026:15:42:10 -0300] "GET /robots.txt HTTP/1.1" 200 64783 "-" "Mozilla/5.0 (compatible; DotBot/1.2; +https://opensiteexplorer.org/dotbot; help@moz.com)"
52.167.144.25 - - [02/Aug/2026:15:35:20 -0300] "GET /wp-sitemap-posts-page-1.xml HTTP/2" 200 3957 "-" "Mozilla/5.0 AppleWebKit/537.36 (KHTML, like Gecko; compatible; bingbot/2.0; +http://www.bing.com/bingbot.htm) Chrome/116.0.1938.76 Safari/537.36"
209.141.34.121 - - [02/Aug/2026:15:39:33 -0300] "HEAD / HTTP/1.1" 200 0 "-" "wp2shell/4.0"
66.249.77.34 - - [02/Aug/2026:15:48:22 -0300] "GET /2026/03/22/joe-fortune-casino-exclusive-sign-up-bonus-reviews/ HTTP/1.1" 200 3957 "-" "Mozilla/5.0 (Linux; Android 6.0.1; Nexus 5X Build/MMB29P) AppleWebKit/537.36 (KHTML, like Gecko) Chrome/150.0.7871.186 Mobile Safari/537.36 (compatible; Googlebot/2.1; +http://www.google.com/bot.html)"
157.55.39.53 - - [02/Aug/2026:15:52:50 -0300] "GET /p=1150993 HTTP/2" 200 3957 "-" "Mozilla/5.0 AppleWebKit/537.36 (KHTML, like Gecko; compatible; bingbot/2.0; +http://www.bing.com/bingbot.htm) Chrome/116.0.1938.76 Safari/537.36"
66.249.77.33 - - [02/Aug/2026:15:53:39 -0300] "GET /2026/03/22/validation-check-2026-03-22-130144/ HTTP/1.1" 200 3957 "-" "Mozilla/5.0 (Linux; Android 6.0.1; Nexus 5X Build/MMB29P) AppleWebKit/537.36 (KHTML, like Gecko) Chrome/150.0.7871.186 Mobile Safari/537.36 (compatible; Googlebot/2.1; +http://www.google.com/bot.html)"
216.73.217.95 - - [02/Aug/2026:15:52:27 -0300] "GET /sitemap.xml HTTP/2" 200 3957 "-" "Mozilla/5.0 AppleWebKit/537.36 (KHTML, like Gecko; compatible; ClaudeBot/1.0; +claudebot@anthropic.com)"
216.244.66.227 - - [02/Aug/2026:15:47:25 -0300] "GET /2026/03/25/verbunden-casinos4u-boni-spielbank-pramie-blos-einzahlung-2026-no-abschlagzahlung-provision/feed/ HTTP/1.1" 200 64783 "-" "Mozilla/5.0 (compatible; DotBot/1.2; +https://opensiteexplorer.org/dotbot; help@moz.com)"
157.55.39.195 - - [02/Aug/2026:15:55:20 -0300] "GET /860700 HTTP/2" 200 3957 "-" "Mozilla/5.0 AppleWebKit/537.36 (KHTML, like Gecko; compatible; bingbot/2.0; +http://www.bing.com/bingbot.htm) Chrome/116.0.1938.76 Safari/537.36"
66.249.77.35 - - [02/Aug/2026:15:54:52 -0300] "GET /2026/04/01/har-ar-en-titel-for-din-seo-blogg-strategier-for/ HTTP/1.1" 200 3957 "-" "Mozilla/5.0 (Linux; Android 6.0.1; Nexus 5X Build/MMB29P) AppleWebKit/537.36 (KHTML, like Gecko) Chrome/150.0.7871.186 Mobile Safari/537.36 (compatible; Googlebot/2.1; +http://www.google.com/bot.html)"
207.46.13.54 - - [02/Aug/2026:16:06:22 -0300] "GET /1314838 HTTP/2" 200 3957 "-" "Mozilla/5.0 AppleWebKit/537.36 (KHTML, like Gecko; compatible; bingbot/2.0; +http://www.bing.com/bingbot.htm) Chrome/116.0.1938.76 Safari/537.36"
98.91.229.90 - - [02/Aug/2026:16:05:41 -0300] "GET / HTTP/2" 200 5028 "-" "Mozilla/5.0 (iPhone; CPU iPhone OS 18_7_8 like Mac OS X) AppleWebKit/605.1.15 (KHTML, like Gecko) Version/26.0 Mobile/15E148 Safari/604.1"
98.91.229.90 - - [02/Aug/2026:16:05:42 -0300] "GET /favicon.ico HTTP/2" 404 1251 "-" "okhttp/5.3.0"
98.91.229.90 - - [02/Aug/2026:16:05:42 -0300] "GET /favicon.png HTTP/2" 200 5028 "-" "okhttp/5.3.0"
66.249.77.34 - - [02/Aug/2026:16:06:35 -0300] "GET /2026/04/01/har-ar-en-titel-for-din-seo-blogg-strategier-for/?fileloc=/home/paradatacom/public_html/fsfrl.php&path=/home/paradatacom/public_html HTTP/1.1" 200 6056 "-" "Mozilla/5.0 (Linux; Android 6.0.1; Nexus 5X Build/MMB29P) AppleWebKit/537.36 (KHTML, like Gecko) Chrome/150.0.7871.186 Mobile Safari/537.36 (compatible; Googlebot/2.1; +http://www.google.com/bot.html)"
98.91.229.90 - - [02/Aug/2026:16:06:28 -0300] "GET / HTTP/2" 200 3957 "-" "Mozilla/5.0 (iPhone; CPU iPhone OS 18_7_8 like Mac OS X) AppleWebKit/605.1.15 (KHTML, like Gecko) Version/26.0 Mobile/15E148 Safari/604.1"
98.91.229.90 - - [02/Aug/2026:16:06:29 -0300] "GET /favicon.ico HTTP/2" 404 1251 "https://mail.paradata.com.py/" "Mozilla/5.0 (iPhone; CPU iPhone OS 18_7_8 like Mac OS X) AppleWebKit/605.1.15 (KHTML, like Gecko) Version/26.0 Mobile/15E148 Safari/604.1"
216.73.217.95 - - [02/Aug/2026:16:10:48 -0300] "GET /robots.txt HTTP/2" 200 3957 "-" "Mozilla/5.0 AppleWebKit/537.36 (KHTML, like Gecko; compatible; ClaudeBot/1.0; +claudebot@anthropic.com)"
216.73.217.95 - - [02/Aug/2026:16:10:49 -0300] "GET /wp-sitemap.xml?path=%2Fhome%2Fgovsys HTTP/2" 200 2494 "-" "Mozilla/5.0 AppleWebKit/537.36 (KHTML, like Gecko; compatible; ClaudeBot/1.0; +claudebot@anthropic.com)"
216.73.217.95 - - [02/Aug/2026:16:10:49 -0300] "GET /wp-sitemap.xml?path=%2Fhome%2Fmotion HTTP/2" 200 2491 "-" "Mozilla/5.0 AppleWebKit/537.36 (KHTML, like Gecko; compatible; ClaudeBot/1.0; +claudebot@anthropic.com)"
216.73.217.95 - - [02/Aug/2026:16:10:50 -0300] "GET /wp-sitemap.xml?path=%2Fhome%2Furcom HTTP/2" 200 2488 "-" "Mozilla/5.0 AppleWebKit/537.36 (KHTML, like Gecko; compatible; ClaudeBot/1.0; +claudebot@anthropic.com)"
216.73.217.95 - - [02/Aug/2026:16:10:50 -0300] "GET /wp-sitemap.xml?path=%2Fhome%2Famicop HTTP/2" 200 2491 "-" "Mozilla/5.0 AppleWebKit/537.36 (KHTML, like Gecko; compatible; ClaudeBot/1.0; +claudebot@anthropic.com)"
216.73.217.95 - - [02/Aug/2026:16:10:51 -0300] "GET /wp-sitemap.xml?path=%2Fhome%2Fcapitulo12 HTTP/2" 200 2492 "-" "Mozilla/5.0 AppleWebKit/537.36 (KHTML, like Gecko; compatible; ClaudeBot/1.0; +claudebot@anthropic.com)"
216.73.217.95 - - [02/Aug/2026:16:10:51 -0300] "GET /wp-sitemap.xml?path=%2F%2Fhome HTTP/2" 200 10601 "-" "Mozilla/5.0 AppleWebKit/537.36 (KHTML, like Gecko; compatible; ClaudeBot/1.0; +claudebot@anthropic.com)"
216.73.217.95 - - [02/Aug/2026:16:10:52 -0300] "GET /wp-sitemap.xml?path=%2Fhome%2Fshareclientescom HTTP/2" 200 2491 "-" "Mozilla/5.0 AppleWebKit/537.36 (KHTML, like Gecko; compatible; ClaudeBot/1.0; +claudebot@anthropic.com)"
216.73.217.95 - - [02/Aug/2026:16:10:52 -0300] "GET /wp-sitemap.xml?path=%2Fhome%2Faivcom HTTP/2" 200 2492 "-" "Mozilla/5.0 AppleWebKit/537.36 (KHTML, like Gecko; compatible; ClaudeBot/1.0; +claudebot@anthropic.com)"
216.73.217.95 - - [02/Aug/2026:16:10:52 -0300] "GET /wp-sitemap.xml?path=%2Fhome%2Fselectcontabil HTTP/2" 200 2494 "-" "Mozilla/5.0 AppleWebKit/537.36 (KHTML, like Gecko; compatible; ClaudeBot/1.0; +claudebot@anthropic.com)"
216.73.217.95 - - [02/Aug/2026:16:10:53 -0300] "GET /wp-sitemap.xml?path=%2Fhome%2Froot1 HTTP/2" 200 2488 "-" "Mozilla/5.0 AppleWebKit/537.36 (KHTML, like Gecko; compatible; ClaudeBot/1.0; +claudebot@anthropic.com)"
216.73.217.95 - - [02/Aug/2026:16:10:53 -0300] "GET /wp-sitemap.xml?path=%2F%2Fmedia HTTP/2" 200 2472 "-" "Mozilla/5.0 AppleWebKit/537.36 (KHTML, like Gecko; compatible; ClaudeBot/1.0; +claudebot@anthropic.com)"
216.73.217.95 - - [02/Aug/2026:16:10:53 -0300] "GET /wp-sitemap.xml?path=%2F%2Flib64 HTTP/2" 200 39632 "-" "Mozilla/5.0 AppleWebKit/537.36 (KHTML, like Gecko; compatible; ClaudeBot/1.0; +claudebot@anthropic.com)"
216.73.217.95 - - [02/Aug/2026:16:10:54 -0300] "GET /wp-sitemap.xml?path=%2Fhome%2Forigna HTTP/2" 200 2491 "-" "Mozilla/5.0 AppleWebKit/537.36 (KHTML, like Gecko; compatible; ClaudeBot/1.0; +claudebot@anthropic.com)"
216.73.217.95 - - [02/Aug/2026:16:10:54 -0300] "GET /wp-sitemap.xml?path=%2F%2Fmnt HTTP/2" 200 2472 "-" "Mozilla/5.0 AppleWebKit/537.36 (KHTML, like Gecko; compatible; ClaudeBot/1.0; +claudebot@anthropic.com)"
216.73.217.95 - - [02/Aug/2026:16:10:54 -0300] "GET /wp-sitemap.xml?path=%2Fhome%2Fcomando HTTP/2" 200 2489 "-" "Mozilla/5.0 AppleWebKit/537.36 (KHTML, like Gecko; compatible; ClaudeBot/1.0; +claudebot@anthropic.com)"
216.73.217.95 - - [02/Aug/2026:16:10:54 -0300] "GET /wp-sitemap.xml?path=%2F%2Fsrv HTTP/2" 200 2472 "-" "Mozilla/5.0 AppleWebKit/537.36 (KHTML, like Gecko; compatible; ClaudeBot/1.0; +claudebot@anthropic.com)"
216.73.217.95 - - [02/Aug/2026:16:10:55 -0300] "GET /wp-sitemap.xml?path=%2F%2Flib HTTP/2" 200 3763 "-" "Mozilla/5.0 AppleWebKit/537.36 (KHTML, like Gecko; compatible; ClaudeBot/1.0; +claudebot@anthropic.com)"
216.73.217.95 - - [02/Aug/2026:16:10:55 -0300] "GET /wp-sitemap.xml?path=%2Fhome%2Ftechbox HTTP/2" 200 2489 "-" "Mozilla/5.0 AppleWebKit/537.36 (KHTML, like Gecko; compatible; ClaudeBot/1.0; +claudebot@anthropic.com)"
216.73.217.95 - - [02/Aug/2026:16:11:27 -0300] "GET /wp-sitemap.xml?path=%2Fhome%2Fboxcargo HTTP/2" 200 2488 "-" "Mozilla/5.0 AppleWebKit/537.36 (KHTML, like Gecko; compatible; ClaudeBot/1.0; +claudebot@anthropic.com)"
216.73.217.95 - - [02/Aug/2026:16:11:27 -0300] "GET /wp-sitemap.xml?path=%2Fhome%2Ftmtecnologia HTTP/2" 200 2486 "-" "Mozilla/5.0 AppleWebKit/537.36 (KHTML, like Gecko; compatible; ClaudeBot/1.0; +claudebot@anthropic.com)"
216.73.217.95 - - [02/Aug/2026:16:11:27 -0300] "GET /wp-sitemap.xml?path=%2Fhome%2Fsottos HTTP/2" 200 2492 "-" "Mozilla/5.0 AppleWebKit/537.36 (KHTML, like Gecko; compatible; ClaudeBot/1.0; +claudebot@anthropic.com)"
216.73.217.95 - - [02/Aug/2026:16:11:27 -0300] "GET /wp-sitemap.xml?path=%2Fhome%2Fglobal HTTP/2" 200 2492 "-" "Mozilla/5.0 AppleWebKit/537.36 (KHTML, like Gecko; compatible; ClaudeBot/1.0; +claudebot@anthropic.com)"
216.73.217.95 - - [02/Aug/2026:16:11:27 -0300] "GET /wp-sitemap.xml?path=%2Fhome%2Fascompel HTTP/2" 200 2488 "-" "Mozilla/5.0 AppleWebKit/537.36 (KHTML, like Gecko; compatible; ClaudeBot/1.0; +claudebot@anthropic.com)"
216.73.217.95 - - [02/Aug/2026:16:11:29 -0300] "GET /wp-sitemap.xml?path=%2Fhome%2Flegaledgercom HTTP/2" 200 2489 "-" "Mozilla/5.0 AppleWebKit/537.36 (KHTML, like Gecko; compatible; ClaudeBot/1.0; +claudebot@anthropic.com)"
216.73.217.95 - - [02/Aug/2026:16:11:29 -0300] "GET /wp-sitemap.xml?path=%2Fhome%2Flojaicepsc HTTP/2" 200 2494 "-" "Mozilla/5.0 AppleWebKit/537.36 (KHTML, like Gecko; compatible; ClaudeBot/1.0; +claudebot@anthropic.com)"
216.73.217.95 - - [02/Aug/2026:16:11:29 -0300] "GET /wp-sitemap.xml?path=%2Fhome%2Fboxautocentercom HTTP/2" 200 2488 "-" "Mozilla/5.0 AppleWebKit/537.36 (KHTML, like Gecko; compatible; ClaudeBot/1.0; +claudebot@anthropic.com)"
216.73.217.95 - - [02/Aug/2026:16:11:29 -0300] "GET /wp-sitemap.xml?path=%2Fhome%2Factecrs HTTP/2" 200 2488 "-" "Mozilla/5.0 AppleWebKit/537.36 (KHTML, like Gecko; compatible; ClaudeBot/1.0; +claudebot@anthropic.com)"
216.73.217.95 - - [02/Aug/2026:16:11:29 -0300] "GET /wp-sitemap.xml?path=%2Fhome%2Fampdigital HTTP/2" 200 2492 "-" "Mozilla/5.0 AppleWebKit/537.36 (KHTML, like Gecko; compatible; ClaudeBot/1.0; +claudebot@anthropic.com)"
216.73.217.95 - - [02/Aug/2026:16:11:30 -0300] "GET /wp-sitemap.xml?path=%2Fhome%2Fvanialopes HTTP/2" 200 2491 "-" "Mozilla/5.0 AppleWebKit/537.36 (KHTML, like Gecko; compatible; ClaudeBot/1.0; +claudebot@anthropic.com)"
216.73.217.95 - - [02/Aug/2026:16:11:30 -0300] "GET /wp-sitemap.xml?path=%2Fhome%2Fraviewtimsc HTTP/2" 200 2487 "-" "Mozilla/5.0 AppleWebKit/537.36 (KHTML, like Gecko; compatible; ClaudeBot/1.0; +claudebot@anthropic.com)"
216.73.217.95 - - [02/Aug/2026:16:11:30 -0300] "GET /wp-sitemap.xml?path=%2Fhome%2Fbracoconstrucoes HTTP/2" 200 2488 "-" "Mozilla/5.0 AppleWebKit/537.36 (KHTML, like Gecko; compatible; ClaudeBot/1.0; +claudebot@anthropic.com)"
216.73.217.95 - - [02/Aug/2026:16:11:31 -0300] "GET /wp-sitemap.xml?path=%2Fhome%2Ffm HTTP/2" 200 2481 "-" "Mozilla/5.0 AppleWebKit/537.36 (KHTML, like Gecko; compatible; ClaudeBot/1.0; +claudebot@anthropic.com)"
216.73.217.95 - - [02/Aug/2026:16:11:31 -0300] "GET /wp-sitemap.xml?path=%2Fhome%2Fbraco HTTP/2" 200 2488 "-" "Mozilla/5.0 AppleWebKit/537.36 (KHTML, like Gecko; compatible; ClaudeBot/1.0; +claudebot@anthropic.com)"
216.73.217.95 - - [02/Aug/2026:16:11:31 -0300] "GET /wp-sitemap.xml?path=%2Fhome%2Fprevinatechcom HTTP/2" 200 2496 "-" "Mozilla/5.0 AppleWebKit/537.36 (KHTML, like Gecko; compatible; ClaudeBot/1.0; +claudebot@anthropic.com)"
216.73.217.95 - - [02/Aug/2026:16:11:31 -0300] "GET /wp-sitemap.xml?path=%2Fhome%2Fprecasulcom HTTP/2" 200 2487 "-" "Mozilla/5.0 AppleWebKit/537.36 (KHTML, like Gecko; compatible; ClaudeBot/1.0; +claudebot@anthropic.com)"
216.73.217.95 - - [02/Aug/2026:16:11:31 -0300] "GET /wp-sitemap.xml?path=%2Fhome%2Felitim HTTP/2" 200 2492 "-" "Mozilla/5.0 AppleWebKit/537.36 (KHTML, like Gecko; compatible; ClaudeBot/1.0; +claudebot@anthropic.com)"
216.73.217.95 - - [02/Aug/2026:16:11:32 -0300] "GET /wp-sitemap.xml?path=%2Fhome%2Fcssadvogado HTTP/2" 200 2487 "-" "Mozilla/5.0 AppleWebKit/537.36 (KHTML, like Gecko; compatible; ClaudeBot/1.0; +claudebot@anthropic.com)"
216.73.217.95 - - [02/Aug/2026:16:11:32 -0300] "GET /wp-sitemap.xml?path=%2Fhome%2Falphamic HTTP/2" 200 2488 "-" "Mozilla/5.0 AppleWebKit/537.36 (KHTML, like Gecko; compatible; ClaudeBot/1.0; +claudebot@anthropic.com)"
216.73.217.95 - - [02/Aug/2026:16:11:32 -0300] "GET /wp-sitemap.xml?path=%2Fhome%2Fsoligarc HTTP/2" 200 2487 "-" "Mozilla/5.0 AppleWebKit/537.36 (KHTML, like Gecko; compatible; ClaudeBot/1.0; +claudebot@anthropic.com)"
216.73.217.95 - - [02/Aug/2026:16:11:33 -0300] "GET /wp-sitemap.xml?path=%2Fhome%2Fflity HTTP/2" 200 2489 "-" "Mozilla/5.0 AppleWebKit/537.36 (KHTML, like Gecko; compatible; ClaudeBot/1.0; +claudebot@anthropic.com)"
216.73.217.95 - - [02/Aug/2026:16:11:33 -0300] "GET /wp-sitemap.xml?path=%2Fhome%2Fgraintekcom HTTP/2" 200 2487 "-" "Mozilla/5.0 AppleWebKit/537.36 (KHTML, like Gecko; compatible; ClaudeBot/1.0; +claudebot@anthropic.com)"
216.73.217.95 - - [02/Aug/2026:16:11:34 -0300] "GET /wp-sitemap.xml?path=%2Fhome%2Fblockchainorg HTTP/2" 200 2491 "-" "Mozilla/5.0 AppleWebKit/537.36 (KHTML, like Gecko; compatible; ClaudeBot/1.0; +claudebot@anthropic.com)"
216.73.217.95 - - [02/Aug/2026:16:11:34 -0300] "GET /wp-sitemap.xml?path=%2Fhome%2Fkat HTTP/2" 200 2483 "-" "Mozilla/5.0 AppleWebKit/537.36 (KHTML, like Gecko; compatible; ClaudeBot/1.0; +claudebot@anthropic.com)"
216.73.217.95 - - [02/Aug/2026:16:11:34 -0300] "GET /wp-sitemap.xml?path=%2Fhome%2Fvirtfs HTTP/2" 200 2492 "-" "Mozilla/5.0 AppleWebKit/537.36 (KHTML, like Gecko; compatible; ClaudeBot/1.0; +claudebot@anthropic.com)"
216.73.217.95 - - [02/Aug/2026:16:11:34 -0300] "GET /wp-sitemap.xml?path=%2Fhome%2Fgrupocon HTTP/2" 200 2488 "-" "Mozilla/5.0 AppleWebKit/537.36 (KHTML, like Gecko; compatible; ClaudeBot/1.0; +claudebot@anthropic.com)"
216.73.217.95 - - [02/Aug/2026:16:11:35 -0300] "GET /wp-sitemap.xml?path=%2Fhome%2Fshareadscom HTTP/2" 200 2489 "-" "Mozilla/5.0 AppleWebKit/537.36 (KHTML, like Gecko; compatible; ClaudeBot/1.0; +claudebot@anthropic.com)"
216.73.217.95 - - [02/Aug/2026:16:11:35 -0300] "GET /wp-sitemap.xml?path=%2Fhome%2Favhost HTTP/2" 200 2492 "-" "Mozilla/5.0 AppleWebKit/537.36 (KHTML, like Gecko; compatible; ClaudeBot/1.0; +claudebot@anthropic.com)"
216.73.217.95 - - [02/Aug/2026:16:11:35 -0300] "GET /wp-sitemap.xml?path=%2Fhome%2Fblockchain HTTP/2" 200 2492 "-" "Mozilla/5.0 AppleWebKit/537.36 (KHTML, like Gecko; compatible; ClaudeBot/1.0; +claudebot@anthropic.com)"
216.73.217.95 - - [02/Aug/2026:16:11:36 -0300] "GET /wp-sitemap.xml?path=%2Fhome%2Fdnf HTTP/2" 200 2482 "-" "Mozilla/5.0 AppleWebKit/537.36 (KHTML, like Gecko; compatible; ClaudeBot/1.0; +claudebot@anthropic.com)"
216.73.217.95 - - [02/Aug/2026:16:11:36 -0300] "GET /wp-sitemap.xml?path=%2Fhome%2Fabcommsc HTTP/2" 200 2488 "-" "Mozilla/5.0 AppleWebKit/537.36 (KHTML, like Gecko; compatible; ClaudeBot/1.0; +claudebot@anthropic.com)"
216.73.217.95 - - [02/Aug/2026:16:11:36 -0300] "GET /wp-sitemap.xml?path=%2Fhome%2Fbcorps HTTP/2" 200 2492 "-" "Mozilla/5.0 AppleWebKit/537.36 (KHTML, like Gecko; compatible; ClaudeBot/1.0; +claudebot@anthropic.com)"
216.73.217.95 - - [02/Aug/2026:16:11:36 -0300] "GET /wp-sitemap.xml?path=%2Fhome%2Fsfaircom HTTP/2" 200 2488 "-" "Mozilla/5.0 AppleWebKit/537.36 (KHTML, like Gecko; compatible; ClaudeBot/1.0; +claudebot@anthropic.com)"
216.73.217.95 - - [02/Aug/2026:16:11:37 -0300] "GET /wp-sitemap.xml?path=%2Fhome%2Fitsfirst HTTP/2" 200 2487 "-" "Mozilla/5.0 AppleWebKit/537.36 (KHTML, like Gecko; compatible; ClaudeBot/1.0; +claudebot@anthropic.com)"
216.73.217.95 - - [02/Aug/2026:16:11:37 -0300] "GET /wp-sitemap.xml?path=%2Fhome%2Fdeepseekcom HTTP/2" 200 2487 "-" "Mozilla/5.0 AppleWebKit/537.36 (KHTML, like Gecko; compatible; ClaudeBot/1.0; +claudebot@anthropic.com)"
216.73.217.95 - - [02/Aug/2026:16:11:42 -0300] "GET /wp-sitemap.xml?path=%2Fhome%2Fwicon HTTP/2" 200 2489 "-" "Mozilla/5.0 AppleWebKit/537.36 (KHTML, like Gecko; compatible; ClaudeBot/1.0; +claudebot@anthropic.com)"
216.73.217.95 - - [02/Aug/2026:16:11:42 -0300] "GET /wp-sitemap.xml?path=%2Fhome%2Fmoikano HTTP/2" 200 2490 "-" "Mozilla/5.0 AppleWebKit/537.36 (KHTML, like Gecko; compatible; ClaudeBot/1.0; +claudebot@anthropic.com)"
216.73.217.95 - - [02/Aug/2026:16:11:42 -0300] "GET /wp-sitemap.xml?path=%2Fhome%2Feletrofelippe HTTP/2" 200 2489 "-" "Mozilla/5.0 AppleWebKit/537.36 (KHTML, like Gecko; compatible; ClaudeBot/1.0; +claudebot@anthropic.com)"
216.73.217.95 - - [02/Aug/2026:16:11:42 -0300] "GET /wp-sitemap.xml?path=%2Fhome%2Fcompunetinf HTTP/2" 200 2487 "-" "Mozilla/5.0 AppleWebKit/537.36 (KHTML, like Gecko; compatible; ClaudeBot/1.0; +claudebot@anthropic.com)"
216.73.217.95 - - [02/Aug/2026:16:11:42 -0300] "GET /wp-sitemap.xml?path=%2Fhome%2F.cpanm HTTP/2" 200 2901 "-" "Mozilla/5.0 AppleWebKit/537.36 (KHTML, like Gecko; compatible; ClaudeBot/1.0; +claudebot@anthropic.com)"
216.73.217.95 - - [02/Aug/2026:16:11:42 -0300] "GET /wp-sitemap.xml?path=%2Fhome%2Fpasitospy HTTP/2" 200 2493 "-" "Mozilla/5.0 AppleWebKit/537.36 (KHTML, like Gecko; compatible; ClaudeBot/1.0; +claudebot@anthropic.com)"
216.73.217.95 - - [02/Aug/2026:16:11:44 -0300] "GET /wp-sitemap.xml?path=%2Fhome%2Fflavialongo HTTP/2" 200 2487 "-" "Mozilla/5.0 AppleWebKit/537.36 (KHTML, like Gecko; compatible; ClaudeBot/1.0; +claudebot@anthropic.com)"
216.73.217.95 - - [02/Aug/2026:16:11:44 -0300] "GET /wp-sitemap.xml?path=%2Fhome%2Fmelttadmcom HTTP/2" 200 2488 "-" "Mozilla/5.0 AppleWebKit/537.36 (KHTML, like Gecko; compatible; ClaudeBot/1.0; +claudebot@anthropic.com)"
216.73.217.95 - - [02/Aug/2026:16:11:45 -0300] "GET /wp-sitemap.xml?path=%2Fhome%2Fcabelomeucom HTTP/2" 200 2487 "-" "Mozilla/5.0 AppleWebKit/537.36 (KHTML, like Gecko; compatible; ClaudeBot/1.0; +claudebot@anthropic.com)"
216.73.217.95 - - [02/Aug/2026:16:11:44 -0300] "GET /wp-sitemap.xml?path=%2Fhome%2Fciclo75com HTTP/2" 200 2493 "-" "Mozilla/5.0 AppleWebKit/537.36 (KHTML, like Gecko; compatible; ClaudeBot/1.0; +claudebot@anthropic.com)"
216.73.217.95 - - [02/Aug/2026:16:11:45 -0300] "GET /wp-sitemap.xml?path=%2Fhome%2Fcr3f HTTP/2" 200 2485 "-" "Mozilla/5.0 AppleWebKit/537.36 (KHTML, like Gecko; compatible; ClaudeBot/1.0; +claudebot@anthropic.com)"
216.73.217.95 - - [02/Aug/2026:16:11:45 -0300] "GET /wp-sitemap.xml?path=%2Fhome%2Fsuporters HTTP/2" 200 2492 "-" "Mozilla/5.0 AppleWebKit/537.36 (KHTML, like Gecko; compatible; ClaudeBot/1.0; +claudebot@anthropic.com)"
216.73.217.95 - - [02/Aug/2026:16:11:46 -0300] "GET /wp-sitemap.xml?path=%2Fhome%2Flagosmeatcom HTTP/2" 200 2489 "-" "Mozilla/5.0 AppleWebKit/537.36 (KHTML, like Gecko; compatible; ClaudeBot/1.0; +claudebot@anthropic.com)"
216.73.217.95 - - [02/Aug/2026:16:11:46 -0300] "GET /wp-sitemap.xml?path=%2Fhome%2Fceuemarc HTTP/2" 200 2486 "-" "Mozilla/5.0 AppleWebKit/537.36 (KHTML, like Gecko; compatible; ClaudeBot/1.0; +claudebot@anthropic.com)"
216.73.217.95 - - [02/Aug/2026:16:11:47 -0300] "GET /wp-sitemap.xml?path=%2Fhome%2Fcidadecontabil HTTP/2" 200 2496 "-" "Mozilla/5.0 AppleWebKit/537.36 (KHTML, like Gecko; compatible; ClaudeBot/1.0; +claudebot@anthropic.com)"
216.73.217.95 - - [02/Aug/2026:16:11:47 -0300] "GET /wp-sitemap.xml?path=%2Fhome%2Feirizcom HTTP/2" 200 2490 "-" "Mozilla/5.0 AppleWebKit/537.36 (KHTML, like Gecko; compatible; ClaudeBot/1.0; +claudebot@anthropic.com)"
216.73.217.95 - - [02/Aug/2026:16:11:47 -0300] "GET /wp-sitemap.xml?path=%2Fhome%2Fcossulmoveiscom HTTP/2" 200 2490 "-" "Mozilla/5.0 AppleWebKit/537.36 (KHTML, like Gecko; compatible; ClaudeBot/1.0; +claudebot@anthropic.com)"
216.73.217.95 - - [02/Aug/2026:16:11:47 -0300] "GET /wp-sitemap.xml?path=%2Fhome%2Fcpanes HTTP/2" 200 2492 "-" "Mozilla/5.0 AppleWebKit/537.36 (KHTML, like Gecko; compatible; ClaudeBot/1.0; +claudebot@anthropic.com)"
216.73.217.95 - - [02/Aug/2026:16:11:47 -0300] "GET /wp-sitemap.xml?path=%2Fhome%2Fbarcelos HTTP/2" 200 2487 "-" "Mozilla/5.0 AppleWebKit/537.36 (KHTML, like Gecko; compatible; ClaudeBot/1.0; +claudebot@anthropic.com)"
216.73.217.95 - - [02/Aug/2026:16:11:47 -0300] "GET /wp-sitemap.xml?path=%2Fhome%2Fshare427 HTTP/2" 200 2490 "-" "Mozilla/5.0 AppleWebKit/537.36 (KHTML, like Gecko; compatible; ClaudeBot/1.0; +claudebot@anthropic.com)"
216.73.217.95 - - [02/Aug/2026:16:11:48 -0300] "GET /wp-sitemap.xml?path=%2Fhome%2Fbichinho HTTP/2" 200 2488 "-" "Mozilla/5.0 AppleWebKit/537.36 (KHTML, like Gecko; compatible; ClaudeBot/1.0; +claudebot@anthropic.com)"
216.73.217.95 - - [02/Aug/2026:16:11:49 -0300] "GET /wp-sitemap.xml?path=%2Fhome%2Fsonne HTTP/2" 200 2488 "-" "Mozilla/5.0 AppleWebKit/537.36 (KHTML, like Gecko; compatible; ClaudeBot/1.0; +claudebot@anthropic.com)"
216.73.217.95 - - [02/Aug/2026:16:11:49 -0300] "GET /wp-sitemap.xml?path=%2Fhome%2Fchaisedomnails HTTP/2" 200 2495 "-" "Mozilla/5.0 AppleWebKit/537.36 (KHTML, like Gecko; compatible; ClaudeBot/1.0; +claudebot@anthropic.com)"
